CRAN Package Check Results for Package optrcdmaeAT

Last updated on 2019-07-20 19:47:01 CEST.

Flavor Version Tinstall Tcheck Ttotal Status Flags
r-devel-linux-x86_64-debian-clang 1.0.0 9.50 63.64 73.14 NOTE
r-devel-linux-x86_64-debian-gcc 1.0.0 8.51 51.81 60.32 NOTE
r-devel-linux-x86_64-fedora-clang 1.0.0 91.39 NOTE
r-devel-linux-x86_64-fedora-gcc 1.0.0 88.82 NOTE
r-devel-windows-ix86+x86_64 1.0.0 18.00 96.00 114.00 OK
r-patched-linux-x86_64 1.0.0 10.70 63.95 74.65 OK
r-patched-solaris-x86 1.0.0 150.10 OK
r-release-linux-x86_64 1.0.0 10.61 64.31 74.92 OK
r-release-windows-ix86+x86_64 1.0.0 16.00 70.00 86.00 OK
r-release-osx-x86_64 1.0.0 FAIL
r-oldrel-windows-ix86+x86_64 1.0.0 8.00 100.00 108.00 OK
r-oldrel-osx-x86_64 1.0.0 OK

Check Details

Version: 1.0.0
Check: for non-standard things in the check directory
Result: NOTE
    Found the following files/directories:
     'Graph_layout_Doptrcd_trtE'
Flavors: r-devel-linux-x86_64-debian-clang, r-devel-linux-x86_64-debian-gcc, r-devel-linux-x86_64-fedora-clang, r-devel-linux-x86_64-fedora-gcc

Version: 1.0.0
Check: whether package can be installed
Result: FAIL
    
Flavor: r-release-osx-x86_64