CRAN Package Check Results for Package optrcdmaeAT

Last updated on 2019-11-17 17:49:13 CET.

Flavor Version Tinstall Tcheck Ttotal Status Flags
r-devel-linux-x86_64-debian-clang 1.0.0 12.11 66.90 79.01 NOTE
r-devel-linux-x86_64-debian-gcc 1.0.0 8.01 51.31 59.32 NOTE
r-devel-linux-x86_64-fedora-clang 1.0.0 92.90 NOTE
r-devel-linux-x86_64-fedora-gcc 1.0.0 93.78 NOTE
r-devel-windows-ix86+x86_64 1.0.0 27.00 106.00 133.00 OK
r-patched-linux-x86_64 1.0.0 10.46 64.08 74.54 OK
r-patched-solaris-x86 1.0.0 139.40 OK
r-release-linux-x86_64 1.0.0 10.35 63.33 73.68 OK
r-release-windows-ix86+x86_64 1.0.0 16.00 70.00 86.00 OK
r-release-osx-x86_64 1.0.0 FAIL
r-oldrel-windows-ix86+x86_64 1.0.0 11.00 94.00 105.00 OK
r-oldrel-osx-x86_64 1.0.0 OK

Check Details

Version: 1.0.0
Check: for non-standard things in the check directory
Result: NOTE
    Found the following files/directories:
     'Graph_layout_Doptrcd_trtE'
Flavors: r-devel-linux-x86_64-debian-clang, r-devel-linux-x86_64-debian-gcc, r-devel-linux-x86_64-fedora-clang, r-devel-linux-x86_64-fedora-gcc

Version: 1.0.0
Check: whether package can be installed
Result: FAIL
    
Flavor: r-release-osx-x86_64