CRAN Package Check Results for Package nloptr

Last updated on 2019-06-20 05:48:34 CEST.

Flavor Version Tinstall Tcheck Ttotal Status Flags
r-devel-linux-x86_64-debian-clang 1.2.1 7.51 41.36 48.87 NOTE
r-devel-linux-x86_64-debian-gcc 1.2.1 4.98 32.64 37.62 NOTE
r-devel-linux-x86_64-fedora-clang 1.2.1 58.14 NOTE
r-devel-linux-x86_64-fedora-gcc 1.2.1 56.42 NOTE
r-devel-windows-ix86+x86_64 1.2.1 25.00 115.00 140.00 NOTE
r-patched-linux-x86_64 1.2.1 6.42 41.26 47.68 NOTE
r-patched-solaris-x86 1.2.1 160.30 NOTE
r-release-linux-x86_64 1.2.1 6.52 41.54 48.06 NOTE
r-release-windows-ix86+x86_64 1.2.1 17.00 116.00 133.00 NOTE
r-release-osx-x86_64 1.2.1 WARN
r-oldrel-windows-ix86+x86_64 1.2.1 16.00 108.00 124.00 OK
r-oldrel-osx-x86_64 1.2.1 OK

Check Details

Version: 1.2.1
Check: line endings in C/C++/Fortran sources/headers
Result: NOTE
    Found the following sources/headers with CR or CRLF line endings:
     inst/include/nloptrAPI.h
    Some Unix compilers require LF line endings.
Flavors: r-devel-linux-x86_64-debian-clang, r-devel-linux-x86_64-debian-gcc, r-devel-linux-x86_64-fedora-clang, r-devel-linux-x86_64-fedora-gcc, r-devel-windows-ix86+x86_64, r-patched-linux-x86_64, r-patched-solaris-x86, r-release-linux-x86_64, r-release-windows-ix86+x86_64, r-release-osx-x86_64

Version: 1.2.1
Check: whether package can be installed
Result: WARN
    Found the following significant warnings:
     clang-7: warning: treating 'c' input as 'c++' when in C++ mode, this behavior is deprecated [-Wdeprecated]
Flavor: r-release-osx-x86_64