CRAN Package Check Results for Package nloptr

Last updated on 2019-09-22 07:48:21 CEST.

Flavor Version Tinstall Tcheck Ttotal Status Flags
r-devel-linux-x86_64-debian-clang 1.2.1 7.57 39.79 47.36 WARN
r-devel-linux-x86_64-debian-gcc 1.2.1 4.97 31.51 36.48 WARN
r-devel-linux-x86_64-fedora-clang 1.2.1 63.38 WARN
r-devel-linux-x86_64-fedora-gcc 1.2.1 63.34 WARN
r-devel-windows-ix86+x86_64 1.2.1 30.00 82.00 112.00 ERROR
r-patched-linux-x86_64 1.2.1 6.19 39.68 45.87 NOTE
r-patched-solaris-x86 1.2.1 161.60 NOTE
r-release-linux-x86_64 1.2.1 5.73 40.22 45.95 NOTE
r-release-windows-ix86+x86_64 1.2.1 19.00 81.00 100.00 NOTE
r-release-osx-x86_64 1.2.1 WARN
r-oldrel-windows-ix86+x86_64 1.2.1 15.00 86.00 101.00 OK
r-oldrel-osx-x86_64 1.2.1 OK

Check Details

Version: 1.2.1
Check: whether package can be installed
Result: WARN
    Found the following significant warnings:
     'config' variable 'CPP' is deprecated
     'config' variable 'CXXCPP' is deprecated
Flavors: r-devel-linux-x86_64-debian-clang, r-devel-linux-x86_64-debian-gcc, r-devel-linux-x86_64-fedora-clang, r-devel-linux-x86_64-fedora-gcc

Version: 1.2.1
Check: line endings in C/C++/Fortran sources/headers
Result: NOTE
    Found the following sources/headers with CR or CRLF line endings:
     inst/include/nloptrAPI.h
    Some Unix compilers require LF line endings.
Flavors: r-devel-linux-x86_64-debian-clang, r-devel-linux-x86_64-debian-gcc, r-devel-linux-x86_64-fedora-clang, r-devel-linux-x86_64-fedora-gcc, r-devel-windows-ix86+x86_64, r-patched-linux-x86_64, r-patched-solaris-x86, r-release-linux-x86_64, r-release-windows-ix86+x86_64, r-release-osx-x86_64

Version: 1.2.1
Check: running tests for arch ‘i386’
Result: ERROR
     Running 'test-all.R' [11s]
    Running the tests in 'tests/test-all.R' failed.
    Complete output:
     > if(require("testthat", quietly = TRUE)) {
     + test_check("nloptr")
     + } else {
     + print( "package 'testthat' not available, cannot run unit tests" )
     + }
     Loading required package: nloptr
     -- 1. Failure: Test that solver stops when maxtime is reached. (@test-options-ma
     `x` not equal to `expected`.
     1/1 mismatches
     [1] 1 - 6 == -5
    
     == testthat results ===========================================================
     [ OK: 46 | SKIPPED: 0 | WARNINGS: 10 | FAILED: 1 ]
     1. Failure: Test that solver stops when maxtime is reached. (@test-options-maxtime.R#42)
    
     Error: testthat unit tests failed
     Execution halted
Flavor: r-devel-windows-ix86+x86_64

Version: 1.2.1
Check: whether package can be installed
Result: WARN
    Found the following significant warnings:
     clang-7: warning: treating 'c' input as 'c++' when in C++ mode, this behavior is deprecated [-Wdeprecated]
Flavor: r-release-osx-x86_64