CRAN Package Check Results for Package netcoh

Last updated on 2019-06-19 07:48:26 CEST.

Flavor Version Tinstall Tcheck Ttotal Status Flags
r-devel-linux-x86_64-debian-clang 0.2 30.15 53.92 84.07 OK
r-devel-linux-x86_64-debian-gcc 0.2 25.60 44.40 70.00 OK
r-devel-linux-x86_64-fedora-clang 0.2 115.80 NOTE
r-devel-linux-x86_64-fedora-gcc 0.2 106.26 NOTE
r-devel-windows-ix86+x86_64 0.2 77.00 124.00 201.00 OK
r-patched-linux-x86_64 0.2 28.75 54.83 83.58 OK
r-patched-solaris-x86 0.2 143.10 OK
r-release-linux-x86_64 0.2 30.13 54.00 84.13 OK
r-release-windows-ix86+x86_64 0.2 77.00 122.00 199.00 OK
r-release-osx-x86_64 0.2 OK
r-oldrel-windows-ix86+x86_64 0.2 44.00 116.00 160.00 OK
r-oldrel-osx-x86_64 0.2 OK

Check Details

Version: 0.2
Check: compiled code
Result: NOTE
    File ‘netcoh/libs/netcoh.so’:
     Found no calls to: ‘R_registerRoutines’, ‘R_useDynamicSymbols’
    
    It is good practice to register native routines and to disable symbol
    search.
    
    See ‘Writing portable packages’ in the ‘Writing R Extensions’ manual.
Flavors: r-devel-linux-x86_64-fedora-clang, r-devel-linux-x86_64-fedora-gcc