CRAN Package Check Results for Package netcoh

Last updated on 2019-09-22 07:48:21 CEST.

Flavor Version Tinstall Tcheck Ttotal Status Flags
r-devel-linux-x86_64-debian-clang 0.2 34.01 54.34 88.35 OK
r-devel-linux-x86_64-debian-gcc 0.2 25.72 44.51 70.23 OK
r-devel-linux-x86_64-fedora-clang 0.2 118.52 NOTE
r-devel-linux-x86_64-fedora-gcc 0.2 124.18 NOTE
r-devel-windows-ix86+x86_64 0.2 75.00 122.00 197.00 OK
r-patched-linux-x86_64 0.2 26.55 53.21 79.76 OK
r-patched-solaris-x86 0.2 146.40 OK
r-release-linux-x86_64 0.2 27.56 53.23 80.79 OK
r-release-windows-ix86+x86_64 0.2 53.00 89.00 142.00 OK
r-release-osx-x86_64 0.2 OK
r-oldrel-windows-ix86+x86_64 0.2 48.00 90.00 138.00 OK
r-oldrel-osx-x86_64 0.2 OK

Check Details

Version: 0.2
Check: compiled code
Result: NOTE
    File ‘netcoh/libs/netcoh.so’:
     Found no calls to: ‘R_registerRoutines’, ‘R_useDynamicSymbols’
    
    It is good practice to register native routines and to disable symbol
    search.
    
    See ‘Writing portable packages’ in the ‘Writing R Extensions’ manual.
Flavors: r-devel-linux-x86_64-fedora-clang, r-devel-linux-x86_64-fedora-gcc