CRAN Package Check Results for Package ncpen

Last updated on 2019-06-16 19:52:21 CEST.

Flavor Version Tinstall Tcheck Ttotal Status Flags
r-devel-linux-x86_64-debian-clang 1.0.0 56.60 37.17 93.77 OK
r-devel-linux-x86_64-debian-gcc 1.0.0 45.41 30.62 76.03 OK
r-devel-linux-x86_64-fedora-clang 1.0.0 138.45 NOTE
r-devel-linux-x86_64-fedora-gcc 1.0.0 125.10 OK
r-devel-windows-ix86+x86_64 1.0.0 127.00 82.00 209.00 OK
r-patched-linux-x86_64 1.0.0 51.56 37.44 89.00 OK
r-patched-solaris-x86 1.0.0 134.00 OK
r-release-linux-x86_64 1.0.0 53.97 37.58 91.55 OK
r-release-windows-ix86+x86_64 1.0.0 104.00 103.00 207.00 OK
r-release-osx-x86_64 1.0.0 NOTE
r-oldrel-windows-ix86+x86_64 1.0.0 86.00 95.00 181.00 OK
r-oldrel-osx-x86_64 1.0.0 NOTE

Check Details

Version: 1.0.0
Check: installed package size
Result: NOTE
     installed size is 6.2Mb
     sub-directories of 1Mb or more:
     libs 5.9Mb
Flavors: r-devel-linux-x86_64-fedora-clang, r-release-osx-x86_64, r-oldrel-osx-x86_64