CRAN Package Check Results for Package ncpen

Last updated on 2020-07-04 19:47:36 CEST.

Flavor Version Tinstall Tcheck Ttotal Status Flags
r-devel-linux-x86_64-debian-clang 1.0.0 73.58 40.61 114.19 OK
r-devel-linux-x86_64-debian-gcc 1.0.0 56.31 32.32 88.63 OK
r-devel-linux-x86_64-fedora-clang 1.0.0 157.08 NOTE
r-devel-linux-x86_64-fedora-gcc 1.0.0 142.72 OK
r-devel-windows-ix86+x86_64 1.0.0 161.00 92.00 253.00 OK
r-patched-linux-x86_64 1.0.0 57.69 40.45 98.14 OK
r-patched-solaris-x86 1.0.0 136.20 OK
r-release-linux-x86_64 1.0.0 59.84 39.85 99.69 OK
r-release-osx-x86_64 1.0.0 NOTE
r-release-windows-ix86+x86_64 1.0.0 115.00 86.00 201.00 OK
r-oldrel-osx-x86_64 1.0.0 NOTE
r-oldrel-windows-ix86+x86_64 1.0.0 146.00 107.00 253.00 OK

Check Details

Version: 1.0.0
Check: installed package size
Result: NOTE
     installed size is 7.3Mb
     sub-directories of 1Mb or more:
     libs 7.1Mb
Flavors: r-devel-linux-x86_64-fedora-clang, r-release-osx-x86_64, r-oldrel-osx-x86_64