CRAN Package Check Results for Package ncpen

Last updated on 2019-08-18 07:48:56 CEST.

Flavor Version Tinstall Tcheck Ttotal Status Flags
r-devel-linux-x86_64-debian-clang 1.0.0 53.71 37.15 90.86 OK
r-devel-linux-x86_64-debian-gcc 1.0.0 47.23 30.28 77.51 OK
r-devel-linux-x86_64-fedora-clang 1.0.0 139.67 NOTE
r-devel-linux-x86_64-fedora-gcc 1.0.0 139.57 OK
r-devel-windows-ix86+x86_64 1.0.0 142.00 107.00 249.00 OK
r-patched-linux-x86_64 1.0.0 51.96 37.26 89.22 OK
r-patched-solaris-x86 1.0.0 137.00 OK
r-release-linux-x86_64 1.0.0 50.29 37.30 87.59 OK
r-release-windows-ix86+x86_64 1.0.0 97.00 84.00 181.00 OK
r-release-osx-x86_64 1.0.0 NOTE
r-oldrel-windows-ix86+x86_64 1.0.0 123.00 100.00 223.00 OK
r-oldrel-osx-x86_64 1.0.0 NOTE

Check Details

Version: 1.0.0
Check: installed package size
Result: NOTE
     installed size is 6.6Mb
     sub-directories of 1Mb or more:
     libs 6.3Mb
Flavors: r-devel-linux-x86_64-fedora-clang, r-release-osx-x86_64, r-oldrel-osx-x86_64