CRAN Package Check Results for Package naivebayes

Last updated on 2021-04-21 04:49:05 CEST.

Flavor Version Tinstall Tcheck Ttotal Status Flags
r-devel-linux-x86_64-debian-clang 0.9.7 4.32 50.20 54.52 OK
r-devel-linux-x86_64-debian-gcc 0.9.7 3.50 38.40 41.90 OK
r-devel-linux-x86_64-fedora-clang 0.9.7 80.01 OK
r-devel-linux-x86_64-fedora-gcc 0.9.7 83.77 OK
r-devel-windows-ix86+x86_64 0.9.7 9.00 54.00 63.00 OK
r-devel-windows-x86_64-gcc10-UCRT 0.9.7 OK
r-patched-linux-x86_64 0.9.7 5.10 47.50 52.60 WARN
r-patched-solaris-x86 0.9.7 95.00 OK
r-release-linux-x86_64 0.9.7 4.21 47.05 51.26 OK
r-release-macos-x86_64 0.9.7 OK
r-release-windows-ix86+x86_64 0.9.7 9.00 73.00 82.00 OK
r-oldrel-macos-x86_64 0.9.7 OK
r-oldrel-windows-ix86+x86_64 0.9.7 6.00 69.00 75.00 OK

Check Details

Version: 0.9.7
Check: whether package can be installed
Result: WARN
    Found the following significant warnings:
     Rd warning: /tmp/Rtmph9AqqC/R.INSTALL51487698fd09/naivebayes/man/bernoulli_naive_bayes.Rd:113: file link ‘%class%’ in package ‘naivebayes’ does not exist and so has been treated as a topic
     Rd warning: /tmp/Rtmph9AqqC/R.INSTALL51487698fd09/naivebayes/man/gaussian_naive_bayes.Rd:106: file link ‘%class%’ in package ‘naivebayes’ does not exist and so has been treated as a topic
     Rd warning: /tmp/Rtmph9AqqC/R.INSTALL51487698fd09/naivebayes/man/multinomial_naive_bayes.Rd:91: file link ‘%class%’ in package ‘naivebayes’ does not exist and so has been treated as a topic
     Rd warning: /tmp/Rtmph9AqqC/R.INSTALL51487698fd09/naivebayes/man/multinomial_naive_bayes.Rd:91: file link ‘coef.multinomial_naive_bayes’ in package ‘naivebayes’ does not exist and so has been treated as a topic
     Rd warning: /tmp/Rtmph9AqqC/R.INSTALL51487698fd09/naivebayes/man/naive_bayes.Rd:35: file link ‘na.pass’ in package ‘stats’ does not exist and so has been treated as a topic
     Rd warning: /tmp/Rtmph9AqqC/R.INSTALL51487698fd09/naivebayes/man/naive_bayes.Rd:35: file link ‘na.omit’ in package ‘stats’ does not exist and so has been treated as a topic
     Rd warning: /tmp/Rtmph9AqqC/R.INSTALL51487698fd09/naivebayes/man/naive_bayes.Rd:198: file link ‘%class%’ in package ‘naivebayes’ does not exist and so has been treated as a topic
     Rd warning: /tmp/Rtmph9AqqC/R.INSTALL51487698fd09/naivebayes/man/nonparametric_naive_bayes.Rd:79: file link ‘%class%’ in package ‘naivebayes’ does not exist and so has been treated as a topic
     Rd warning: /tmp/Rtmph9AqqC/R.INSTALL51487698fd09/naivebayes/man/poisson_naive_bayes.Rd:118: file link ‘%class%’ in package ‘naivebayes’ does not exist and so has been treated as a topic
     Rd warning: /tmp/Rtmph9AqqC/R.INSTALL51487698fd09/naivebayes/man/poisson_naive_bayes.Rd:118: file link ‘coef.poisson_naive_bayes’ in package ‘naivebayes’ does not exist and so has been treated as a topic
     Rd warning: /tmp/Rtmph9AqqC/R.INSTALL51487698fd09/naivebayes/man/predict.bernoulli_naive_bayes.Rd:56: file link ‘%class%’ in package ‘naivebayes’ does not exist and so has been treated as a topic
     Rd warning: /tmp/Rtmph9AqqC/R.INSTALL51487698fd09/naivebayes/man/predict.gaussian_naive_bayes.Rd:60: file link ‘%class%’ in package ‘naivebayes’ does not exist and so has been treated as a topic
     Rd warning: /tmp/Rtmph9AqqC/R.INSTALL51487698fd09/naivebayes/man/predict.multinomial_naive_bayes.Rd:59: file link ‘%class%’ in package ‘naivebayes’ does not exist and so has been treated as a topic
     Rd warning: /tmp/Rtmph9AqqC/R.INSTALL51487698fd09/naivebayes/man/predict.multinomial_naive_bayes.Rd:59: file link ‘coef.multinomial_naive_bayes’ in package ‘naivebayes’ does not exist and so has been treated as a topic
     Rd warning: /tmp/Rtmph9AqqC/R.INSTALL51487698fd09/naivebayes/man/predict.naive_bayes.Rd:72: file link ‘%class%’ in package ‘naivebayes’ does not exist and so has been treated as a topic
     Rd warning: /tmp/Rtmph9AqqC/R.INSTALL51487698fd09/naivebayes/man/predict.nonparametric_naive_bayes.Rd:62: file link ‘%class%’ in package ‘naivebayes’ does not exist and so has been treated as a topic
     Rd warning: /tmp/Rtmph9AqqC/R.INSTALL51487698fd09/naivebayes/man/predict.poisson_naive_bayes.Rd:63: file link ‘%class%’ in package ‘naivebayes’ does not exist and so has been treated as a topic
     Rd warning: /tmp/Rtmph9AqqC/R.INSTALL51487698fd09/naivebayes/man/predict.poisson_naive_bayes.Rd:63: file link ‘coef.poisson_naive_bayes’ in package ‘naivebayes’ does not exist and so has been treated as a topic
Flavor: r-patched-linux-x86_64