CRAN Package Check Results for Package nabor

Last updated on 2019-09-24 07:48:40 CEST.

Flavor Version Tinstall Tcheck Ttotal Status Flags
r-devel-linux-x86_64-debian-clang 0.5.0 53.63 29.16 82.79 OK
r-devel-linux-x86_64-debian-gcc 0.5.0 42.94 24.52 67.46 OK
r-devel-linux-x86_64-fedora-clang 0.5.0 124.92 NOTE
r-devel-linux-x86_64-fedora-gcc 0.5.0 121.09 OK
r-devel-windows-ix86+x86_64 0.5.0 132.00 91.00 223.00 OK
r-patched-linux-x86_64 0.5.0 48.14 29.26 77.40 OK
r-patched-solaris-x86 0.5.0 114.50 OK
r-release-linux-x86_64 0.5.0 44.08 29.27 73.35 OK
r-release-windows-ix86+x86_64 0.5.0 134.00 82.00 216.00 OK
r-release-osx-x86_64 0.5.0 NOTE
r-oldrel-windows-ix86+x86_64 0.5.0 90.00 60.00 150.00 OK
r-oldrel-osx-x86_64 0.5.0 NOTE

Check Details

Version: 0.5.0
Check: installed package size
Result: NOTE
     installed size is 8.2Mb
     sub-directories of 1Mb or more:
     libs 8.1Mb
Flavors: r-devel-linux-x86_64-fedora-clang, r-release-osx-x86_64, r-oldrel-osx-x86_64