CRAN Package Check Results for Package nabor

Last updated on 2019-06-25 19:49:49 CEST.

Flavor Version Tinstall Tcheck Ttotal Status Flags
r-devel-linux-x86_64-debian-clang 0.5.0 53.55 29.50 83.05 OK
r-devel-linux-x86_64-debian-gcc 0.5.0 40.80 25.22 66.02 OK
r-devel-linux-x86_64-fedora-clang 0.5.0 122.61 NOTE
r-devel-linux-x86_64-fedora-gcc 0.5.0 107.16 OK
r-devel-windows-ix86+x86_64 0.5.0 137.00 68.00 205.00 OK
r-patched-linux-x86_64 0.5.0 48.87 30.20 79.07 OK
r-patched-solaris-x86 0.5.0 116.70 OK
r-release-linux-x86_64 0.5.0 50.91 30.51 81.42 OK
r-release-windows-ix86+x86_64 0.5.0 107.00 86.00 193.00 OK
r-release-osx-x86_64 0.5.0 NOTE
r-oldrel-windows-ix86+x86_64 0.5.0 96.00 63.00 159.00 OK
r-oldrel-osx-x86_64 0.5.0 NOTE

Check Details

Version: 0.5.0
Check: installed package size
Result: NOTE
     installed size is 8.0Mb
     sub-directories of 1Mb or more:
     libs 7.9Mb
Flavors: r-devel-linux-x86_64-fedora-clang, r-release-osx-x86_64, r-oldrel-osx-x86_64