CRAN Package Check Results for Package nLTT

Last updated on 2019-08-18 07:48:56 CEST.

Flavor Version Tinstall Tcheck Ttotal Status Flags
r-devel-linux-x86_64-debian-clang 1.4.1 2.92 70.48 73.40 OK
r-devel-linux-x86_64-debian-gcc 1.4.1 2.47 53.93 56.40 OK
r-devel-linux-x86_64-fedora-clang 1.4.1 87.99 NOTE
r-devel-linux-x86_64-fedora-gcc 1.4.1 83.60 NOTE
r-devel-windows-ix86+x86_64 1.4.1 9.00 113.00 122.00 OK
r-patched-linux-x86_64 1.4.1 2.87 70.08 72.95 OK
r-patched-solaris-x86 1.4.1 125.80 NOTE
r-release-linux-x86_64 1.4.1 2.57 69.80 72.37 OK
r-release-windows-ix86+x86_64 1.4.1 6.00 73.00 79.00 OK
r-release-osx-x86_64 1.4.1 NOTE
r-oldrel-windows-ix86+x86_64 1.4.1 6.00 107.00 113.00 OK
r-oldrel-osx-x86_64 1.4.1 WARN

Check Details

Version: 1.4.1
Check: dependencies in R code
Result: NOTE
    Namespace in Imports field not imported from: ‘deSolve’
     All declared Imports should be used.
Flavors: r-devel-linux-x86_64-fedora-clang, r-devel-linux-x86_64-fedora-gcc, r-patched-solaris-x86, r-release-osx-x86_64, r-oldrel-osx-x86_64

Version: 1.4.1
Check: re-building of vignette outputs
Result: WARN
    Error in re-building vignettes:
     ...
    Warning in engine$weave(file, quiet = quiet, encoding = enc) :
     Pandoc (>= 1.12.3) and/or pandoc-citeproc not available. Falling back to R Markdown v1.
    Warning in engine$weave(file, quiet = quiet, encoding = enc) :
     Pandoc (>= 1.12.3) and/or pandoc-citeproc not available. Falling back to R Markdown v1.
    Warning in engine$weave(file, quiet = quiet, encoding = enc) :
     Pandoc (>= 1.12.3) and/or pandoc-citeproc not available. Falling back to R Markdown v1.
    Warning in engine$weave(file, quiet = quiet, encoding = enc) :
     Pandoc (>= 1.12.3) and/or pandoc-citeproc not available. Falling back to R Markdown v1.
    Warning in engine$weave(file, quiet = quiet, encoding = enc) :
     Pandoc (>= 1.12.3) and/or pandoc-citeproc not available. Falling back to R Markdown v1.
    Error: processing vignette 'walkthrough.Rmd' failed with diagnostics:
    (converted from warning) Pandoc (>= 1.12.3) and/or pandoc-citeproc not available. Falling back to R Markdown v1.
    Execution halted
Flavor: r-oldrel-osx-x86_64