CRAN Package Check Results for Package nLTT

Last updated on 2020-07-04 19:47:36 CEST.

Flavor Version Tinstall Tcheck Ttotal Status Flags
r-devel-linux-x86_64-debian-clang 1.4.3 3.41 80.59 84.00 OK
r-devel-linux-x86_64-debian-gcc 1.4.3 2.60 59.27 61.87 OK
r-devel-linux-x86_64-fedora-clang 1.4.3 104.71 NOTE
r-devel-linux-x86_64-fedora-gcc 1.4.3 98.31 NOTE
r-devel-windows-ix86+x86_64 1.4.3 10.00 94.00 104.00 OK
r-patched-linux-x86_64 1.4.3 3.30 79.71 83.01 OK
r-patched-solaris-x86 1.4.3 137.80 NOTE
r-release-linux-x86_64 1.4.3 2.83 79.37 82.20 OK
r-release-osx-x86_64 1.4.3 NOTE
r-release-windows-ix86+x86_64 1.4.3 7.00 91.00 98.00 OK
r-oldrel-osx-x86_64 1.4.3 NOTE
r-oldrel-windows-ix86+x86_64 1.4.3 6.00 118.00 124.00 OK

Check Details

Version: 1.4.3
Check: dependencies in R code
Result: NOTE
    Namespace in Imports field not imported from: ‘deSolve’
     All declared Imports should be used.
Flavors: r-devel-linux-x86_64-fedora-clang, r-devel-linux-x86_64-fedora-gcc, r-patched-solaris-x86, r-release-osx-x86_64, r-oldrel-osx-x86_64