Last updated on 2021-04-21 04:49:05 CEST.
Flavor | Version | Tinstall | Tcheck | Ttotal | Status | Flags |
---|---|---|---|---|---|---|
r-devel-linux-x86_64-debian-clang | 0.2.1 | 78.59 | 281.02 | 359.61 | NOTE | |
r-devel-linux-x86_64-debian-gcc | 0.2.1 | 56.31 | 182.13 | 238.44 | NOTE | |
r-devel-linux-x86_64-fedora-clang | 0.2.1 | 471.33 | NOTE | |||
r-devel-linux-x86_64-fedora-gcc | 0.2.1 | 430.26 | NOTE | |||
r-devel-windows-ix86+x86_64 | 0.2.1 | 184.00 | 494.00 | 678.00 | NOTE | |
r-devel-windows-x86_64-gcc10-UCRT | 0.2.1 | NOTE | ||||
r-patched-linux-x86_64 | 0.2.1 | 67.31 | 262.98 | 330.29 | NOTE | |
r-patched-solaris-x86 | 0.2.1 | 518.10 | NOTE | |||
r-release-linux-x86_64 | 0.2.1 | 67.60 | 263.47 | 331.07 | NOTE | |
r-release-macos-x86_64 | 0.2.1 | NOTE | ||||
r-release-windows-ix86+x86_64 | 0.2.1 | 179.00 | 630.00 | 809.00 | NOTE | |
r-oldrel-macos-x86_64 | 0.2.1 | NOTE | ||||
r-oldrel-windows-ix86+x86_64 | 0.2.1 | 139.00 | 632.00 | 771.00 | NOTE |
Version: 0.2.1
Check: package dependencies
Result: NOTE
Package suggested but not available for checking: 'rPorta'
Flavors: r-devel-linux-x86_64-debian-clang, r-devel-linux-x86_64-debian-gcc, r-devel-linux-x86_64-fedora-clang, r-devel-linux-x86_64-fedora-gcc, r-devel-windows-ix86+x86_64, r-devel-windows-x86_64-gcc10-UCRT, r-patched-linux-x86_64, r-patched-solaris-x86, r-release-linux-x86_64, r-release-macos-x86_64, r-release-windows-ix86+x86_64, r-oldrel-macos-x86_64, r-oldrel-windows-ix86+x86_64
Version: 0.2.1
Check: installed package size
Result: NOTE
installed size is 5.7Mb
sub-directories of 1Mb or more:
libs 4.3Mb
Flavors: r-devel-linux-x86_64-fedora-clang, r-release-macos-x86_64, r-oldrel-macos-x86_64