CRAN Package Check Results for Package mrMLM.GUI

Last updated on 2019-06-16 19:52:21 CEST.

Flavor Version Tinstall Tcheck Ttotal Status Flags
r-devel-linux-x86_64-debian-clang 3.2 19.99 133.29 153.28 OK
r-devel-linux-x86_64-debian-gcc 3.2 17.93 103.52 121.45 OK
r-devel-linux-x86_64-fedora-clang 3.2 181.08 OK
r-devel-linux-x86_64-fedora-gcc 3.2 177.71 OK
r-devel-windows-ix86+x86_64 3.2 57.00 195.00 252.00 OK
r-patched-linux-x86_64 3.2 19.55 131.95 151.50 OK
r-patched-solaris-x86 3.2 264.70 NOTE
r-release-linux-x86_64 3.2 21.45 130.49 151.94 OK
r-release-windows-ix86+x86_64 3.2 41.00 194.00 235.00 OK
r-release-osx-x86_64 3.2 OK
r-oldrel-windows-ix86+x86_64 3.2 27.00 163.00 190.00 OK
r-oldrel-osx-x86_64 3.2 OK

Check Details

Version: 3.2
Check: installed package size
Result: NOTE
     installed size is 5.2Mb
     sub-directories of 1Mb or more:
     extdata 3.8Mb
Flavor: r-patched-solaris-x86