CRAN Package Check Results for Package mrMLM.GUI

Last updated on 2019-08-24 19:47:16 CEST.

Flavor Version Tinstall Tcheck Ttotal Status Flags
r-devel-linux-x86_64-debian-clang 3.2 20.57 133.70 154.27 OK
r-devel-linux-x86_64-debian-gcc 3.2 19.94 105.68 125.62 OK
r-devel-linux-x86_64-fedora-clang 3.2 186.20 OK
r-devel-linux-x86_64-fedora-gcc 3.2 184.44 OK
r-devel-windows-ix86+x86_64 3.2 41.00 179.00 220.00 OK
r-patched-linux-x86_64 3.2 20.90 130.83 151.73 OK
r-patched-solaris-x86 3.2 267.10 NOTE
r-release-linux-x86_64 3.2 19.16 132.67 151.83 OK
r-release-windows-ix86+x86_64 3.2 57.00 180.00 237.00 OK
r-release-osx-x86_64 3.2 OK
r-oldrel-windows-ix86+x86_64 3.2 43.00 114.00 157.00 OK
r-oldrel-osx-x86_64 3.2 OK

Check Details

Version: 3.2
Check: installed package size
Result: NOTE
     installed size is 5.2Mb
     sub-directories of 1Mb or more:
     extdata 3.8Mb
Flavor: r-patched-solaris-x86