CRAN Package Check Results for Package mknapsack

Last updated on 2019-06-25 19:49:48 CEST.

Flavor Version Tinstall Tcheck Ttotal Status Flags
r-devel-linux-x86_64-debian-clang 0.1.0 1.87 76.47 78.34 OK
r-devel-linux-x86_64-debian-gcc 0.1.0 1.66 55.33 56.99 OK
r-devel-linux-x86_64-fedora-clang 0.1.0 78.83 OK
r-devel-linux-x86_64-fedora-gcc 0.1.0 74.66 OK
r-devel-windows-ix86+x86_64 0.1.0 7.00 41.00 48.00 OK
r-patched-linux-x86_64 0.1.0 1.86 74.68 76.54 OK
r-patched-solaris-x86 0.1.0 53.10 OK
r-release-linux-x86_64 0.1.0 1.65 73.10 74.75 OK
r-release-windows-ix86+x86_64 0.1.0 5.00 50.00 55.00 OK
r-release-osx-x86_64 0.1.0 OK
r-oldrel-windows-ix86+x86_64 0.1.0 3.00 36.00 39.00 OK
r-oldrel-osx-x86_64 0.1.0 NOTE

Check Details

Version: 0.1.0
Check: package dependencies
Result: NOTE
    Packages suggested but not available for checking:
     ‘Rglpk’ ‘ROI.plugin.glpk’
Flavor: r-oldrel-osx-x86_64