CRAN Package Check Results for Package mknapsack

Last updated on 2019-09-24 07:48:40 CEST.

Flavor Version Tinstall Tcheck Ttotal Status Flags
r-devel-linux-x86_64-debian-clang 0.1.0 2.21 76.83 79.04 OK
r-devel-linux-x86_64-debian-gcc 0.1.0 1.72 55.03 56.75 OK
r-devel-linux-x86_64-fedora-clang 0.1.0 79.83 OK
r-devel-linux-x86_64-fedora-gcc 0.1.0 79.64 OK
r-devel-windows-ix86+x86_64 0.1.0 10.00 52.00 62.00 OK
r-patched-linux-x86_64 0.1.0 2.00 70.65 72.65 OK
r-patched-solaris-x86 0.1.0 50.90 OK
r-release-linux-x86_64 0.1.0 1.80 70.82 72.62 OK
r-release-windows-ix86+x86_64 0.1.0 10.00 46.00 56.00 OK
r-release-osx-x86_64 0.1.0 OK
r-oldrel-windows-ix86+x86_64 0.1.0 2.00 32.00 34.00 OK
r-oldrel-osx-x86_64 0.1.0 NOTE

Check Details

Version: 0.1.0
Check: package dependencies
Result: NOTE
    Packages suggested but not available for checking:
     ‘Rglpk’ ‘ROI.plugin.glpk’
Flavor: r-oldrel-osx-x86_64