CRAN Package Check Results for Package mixsqp

Last updated on 2019-06-24 19:50:07 CEST.

Flavor Version Tinstall Tcheck Ttotal Status Flags
r-devel-linux-x86_64-debian-clang 0.1-97 32.16 56.35 88.51 OK
r-devel-linux-x86_64-debian-gcc 0.1-97 22.52 46.71 69.23 OK
r-devel-linux-x86_64-fedora-clang 0.1-97 115.03 OK
r-devel-linux-x86_64-fedora-gcc 0.1-97 105.65 OK
r-devel-windows-ix86+x86_64 0.1-97 84.00 110.00 194.00 OK
r-patched-linux-x86_64 0.1-97 25.05 58.38 83.43 OK
r-patched-solaris-x86 0.1-97 184.20 NOTE
r-release-linux-x86_64 0.1-97 26.09 59.36 85.45 OK
r-release-windows-ix86+x86_64 0.1-97 61.00 121.00 182.00 NOTE
r-release-osx-x86_64 0.1-97 OK
r-oldrel-windows-ix86+x86_64 0.1-97 52.00 83.00 135.00 NOTE
r-oldrel-osx-x86_64 0.1-97 NOTE

Check Details

Version: 0.1-97
Check: package dependencies
Result: NOTE
    Packages suggested but not available for checking: 'REBayes', 'Rmosek'
Flavor: r-patched-solaris-x86

Version: 0.1-97
Check: Rd cross-references
Result: NOTE
    Packages unavailable to check Rd xrefs: ‘REBayes’, ‘Rmosek’
Flavor: r-patched-solaris-x86

Version: 0.1-97
Check: package dependencies
Result: NOTE
    Package suggested but not available for checking: 'REBayes'
Flavors: r-release-windows-ix86+x86_64, r-oldrel-windows-ix86+x86_64, r-oldrel-osx-x86_64

Version: 0.1-97
Check: Rd cross-references
Result: NOTE
    Package unavailable to check Rd xrefs: 'REBayes'
Flavors: r-release-windows-ix86+x86_64, r-oldrel-windows-ix86+x86_64, r-oldrel-osx-x86_64