CRAN Package Check Results for Package mixedMem

Last updated on 2019-09-24 07:48:39 CEST.

Flavor Version Tinstall Tcheck Ttotal Status Flags
r-devel-linux-x86_64-debian-clang 1.1.0 136.13 55.64 191.77 NOTE
r-devel-linux-x86_64-debian-gcc 1.1.0 110.43 49.87 160.30 NOTE
r-devel-linux-x86_64-fedora-clang 1.1.0 307.36 NOTE
r-devel-linux-x86_64-fedora-gcc 1.1.0 295.03 NOTE
r-devel-windows-ix86+x86_64 1.1.0 370.00 140.00 510.00 WARN
r-patched-linux-x86_64 1.1.0 124.11 62.39 186.50 NOTE
r-patched-solaris-x86 1.1.0 263.50 NOTE
r-release-linux-x86_64 1.1.0 120.50 58.80 179.30 NOTE
r-release-windows-ix86+x86_64 1.1.0 363.00 142.00 505.00 NOTE
r-release-osx-x86_64 1.1.0 NOTE
r-oldrel-windows-ix86+x86_64 1.1.0 265.00 98.00 363.00 NOTE
r-oldrel-osx-x86_64 1.1.0 NOTE

Check Details

Version: 1.1.0
Check: files in ‘vignettes’
Result: NOTE
    The following directory looks like a leftover from 'knitr':
     'figure'
    Please remove from your package.
Flavors: r-devel-linux-x86_64-debian-clang, r-devel-linux-x86_64-debian-gcc, r-devel-linux-x86_64-fedora-clang, r-devel-linux-x86_64-fedora-gcc, r-devel-windows-ix86+x86_64, r-patched-linux-x86_64, r-patched-solaris-x86, r-release-linux-x86_64, r-release-windows-ix86+x86_64, r-release-osx-x86_64, r-oldrel-windows-ix86+x86_64, r-oldrel-osx-x86_64

Version: 1.1.0
Check: installed package size
Result: NOTE
     installed size is 5.3Mb
     sub-directories of 1Mb or more:
     libs 4.7Mb
Flavor: r-devel-linux-x86_64-fedora-clang

Version: 1.1.0
Check: compiled code
Result: NOTE
    File ‘mixedMem/libs/mixedMem.so’:
     Found no calls to: ‘R_registerRoutines’, ‘R_useDynamicSymbols’
    
    It is good practice to register native routines and to disable symbol
    search.
    
    See ‘Writing portable packages’ in the ‘Writing R Extensions’ manual.
Flavors: r-devel-linux-x86_64-fedora-clang, r-devel-linux-x86_64-fedora-gcc

Version: 1.1.0
Check: whether package can be installed
Result: WARN
    Found the following significant warnings:
     d:/RCompile/CRANpkg/lib/3.7/BH/include/boost/math/special_functions/detail/bernoulli_details.hpp:72:36: warning: ISO C++ 1998 does not support 'long long' [-Wlong-long]
     d:/RCompile/CRANpkg/lib/3.7/BH/include/boost/math/special_functions/detail/bernoulli_details.hpp:96:9: warning: ISO C++ 1998 does not support 'long long' [-Wlong-long]
Flavor: r-devel-windows-ix86+x86_64