CRAN Package Check Results for Package mixKernel

Last updated on 2019-09-22 19:51:24 CEST.

Flavor Version Tinstall Tcheck Ttotal Status Flags
r-devel-linux-x86_64-debian-clang 0.3 21.98 196.85 218.83 OK
r-devel-linux-x86_64-debian-gcc 0.3 19.24 149.64 168.88 OK
r-devel-linux-x86_64-fedora-clang 0.3 257.66 OK
r-devel-linux-x86_64-fedora-gcc 0.3 288.24 OK
r-devel-windows-ix86+x86_64 0.3 4.00 7.00 11.00 ERROR
r-patched-linux-x86_64 0.3 20.93 185.60 206.53 OK
r-patched-solaris-x86 0.3 356.10 OK
r-release-linux-x86_64 0.3 21.64 182.97 204.61 OK
r-release-windows-ix86+x86_64 0.3 72.00 240.00 312.00 OK
r-release-osx-x86_64 0.3 ERROR
r-oldrel-windows-ix86+x86_64 0.3 27.00 186.00 213.00 OK
r-oldrel-osx-x86_64 0.3 OK

Check Details

Version: 0.3
Check: whether package can be installed
Result: ERROR
    Installation failed.
Flavor: r-devel-windows-ix86+x86_64

Version: 0.3
Check: package dependencies
Result: ERROR
    Packages required but not available: 'mixOmics', 'phyloseq'
    
    See section ‘The DESCRIPTION file’ in the ‘Writing R Extensions’
    manual.
Flavor: r-release-osx-x86_64