CRAN Package Check Results for Package mixKernel

Last updated on 2019-06-18 07:49:05 CEST.

Flavor Version Tinstall Tcheck Ttotal Status Flags
r-devel-linux-x86_64-debian-clang 0.3 20.70 187.14 207.84 OK
r-devel-linux-x86_64-debian-gcc 0.3 19.96 145.97 165.93 OK
r-devel-linux-x86_64-fedora-clang 0.3 247.72 OK
r-devel-linux-x86_64-fedora-gcc 0.3 236.39 OK
r-devel-windows-ix86+x86_64 0.3 65.00 186.00 251.00 OK
r-patched-linux-x86_64 0.3 21.13 182.46 203.59 OK
r-patched-solaris-x86 0.3 435.60 OK
r-release-linux-x86_64 0.3 19.68 185.61 205.29 OK
r-release-windows-ix86+x86_64 0.3 45.00 256.00 301.00 OK
r-release-osx-x86_64 0.3 ERROR
r-oldrel-windows-ix86+x86_64 0.3 26.00 248.00 274.00 OK
r-oldrel-osx-x86_64 0.3 OK

Check Details

Version: 0.3
Check: package dependencies
Result: ERROR
    Packages required but not available: 'mixOmics', 'phyloseq'
    
    See section ‘The DESCRIPTION file’ in the ‘Writing R Extensions’
    manual.
Flavor: r-release-osx-x86_64