CRAN Package Check Results for Package missingHE

Last updated on 2020-05-30 19:47:15 CEST.

Flavor Version Tinstall Tcheck Ttotal Status Flags
r-devel-linux-x86_64-debian-clang 1.4.0 21.15 127.39 148.54 OK
r-devel-linux-x86_64-debian-gcc 1.4.0 19.87 93.23 113.10 OK
r-devel-linux-x86_64-fedora-clang 1.4.0 189.62 NOTE
r-devel-linux-x86_64-fedora-gcc 1.4.0 170.37 NOTE
r-devel-windows-ix86+x86_64 1.4.0 48.00 135.00 183.00 OK
r-patched-linux-x86_64 1.4.0 15.26 123.27 138.53 OK
r-patched-solaris-x86 1.4.0 222.20 NOTE
r-release-linux-x86_64 1.4.0 14.84 126.39 141.23 OK
r-release-osx-x86_64 1.4.0 NOTE
r-release-windows-ix86+x86_64 1.4.0 32.00 179.00 211.00 OK
r-oldrel-osx-x86_64 1.4.0 NOTE
r-oldrel-windows-ix86+x86_64 1.4.0 31.00 129.00 160.00 OK

Check Details

Version: 1.4.0
Check: dependencies in R code
Result: NOTE
    Namespace in Imports field not imported from: ‘mcmcr’
     All declared Imports should be used.
Flavors: r-devel-linux-x86_64-fedora-clang, r-devel-linux-x86_64-fedora-gcc, r-patched-solaris-x86, r-release-osx-x86_64, r-oldrel-osx-x86_64