CRAN Package Check Results for Package missingHE

Last updated on 2019-10-20 06:46:57 CEST.

Flavor Version Tinstall Tcheck Ttotal Status Flags
r-devel-linux-x86_64-debian-clang 1.2.1 12.90 81.88 94.78 OK
r-devel-linux-x86_64-debian-gcc 1.2.1 9.24 61.78 71.02 OK
r-devel-linux-x86_64-fedora-clang 1.2.1 110.03 NOTE
r-devel-linux-x86_64-fedora-gcc 1.2.1 105.83 NOTE
r-devel-windows-ix86+x86_64 1.2.1 18.00 127.00 145.00 OK
r-patched-linux-x86_64 1.2.1 12.01 77.92 89.93 OK
r-patched-solaris-x86 1.2.1 142.50 NOTE
r-release-linux-x86_64 1.2.1 10.76 80.56 91.32 OK
r-release-windows-ix86+x86_64 1.2.1 21.00 129.00 150.00 OK
r-release-osx-x86_64 1.2.1 NOTE
r-oldrel-windows-ix86+x86_64 1.2.1 13.00 83.00 96.00 OK
r-oldrel-osx-x86_64 1.2.1 NOTE

Check Details

Version: 1.2.1
Check: dependencies in R code
Result: NOTE
    Namespace in Imports field not imported from: ‘mcmcr’
     All declared Imports should be used.
Flavors: r-devel-linux-x86_64-fedora-clang, r-devel-linux-x86_64-fedora-gcc, r-patched-solaris-x86, r-release-osx-x86_64, r-oldrel-osx-x86_64