CRAN Package Check Results for Package mirt

Last updated on 2019-09-22 19:51:24 CEST.

Flavor Version Tinstall Tcheck Ttotal Status Flags
r-devel-linux-x86_64-debian-clang 1.31 115.17 174.66 289.83 OK
r-devel-linux-x86_64-debian-gcc 1.31 104.66 133.51 238.17 OK
r-devel-linux-x86_64-fedora-clang 1.31 388.70 NOTE
r-devel-linux-x86_64-fedora-gcc 1.31 401.52 OK
r-devel-windows-ix86+x86_64 1.31 186.00 224.00 410.00 OK
r-patched-linux-x86_64 1.31 109.43 176.64 286.07 OK
r-patched-solaris-x86 1.31 398.60 OK
r-release-linux-x86_64 1.31 111.32 176.55 287.87 OK
r-release-windows-ix86+x86_64 1.31 192.00 329.00 521.00 OK
r-release-osx-x86_64 1.31 NOTE
r-oldrel-windows-ix86+x86_64 1.31 169.00 225.00 394.00 OK
r-oldrel-osx-x86_64 1.31 NOTE

Check Details

Version: 1.31
Check: installed package size
Result: NOTE
     installed size is 8.9Mb
     sub-directories of 1Mb or more:
     R 1.4Mb
     libs 6.9Mb
Flavors: r-devel-linux-x86_64-fedora-clang, r-release-osx-x86_64, r-oldrel-osx-x86_64