CRAN Package Check Results for Package mined

Last updated on 2019-09-22 19:51:24 CEST.

Flavor Version Tinstall Tcheck Ttotal Status Flags
r-devel-linux-x86_64-debian-clang 1.0-2 59.46 25.77 85.23 OK
r-devel-linux-x86_64-debian-gcc 1.0-2 53.12 22.06 75.18 OK
r-devel-linux-x86_64-fedora-clang 1.0-2 129.77 NOTE
r-devel-linux-x86_64-fedora-gcc 1.0-2 139.22 OK
r-devel-windows-ix86+x86_64 1.0-2 133.00 63.00 196.00 OK
r-patched-linux-x86_64 1.0-2 61.70 27.09 88.79 OK
r-patched-solaris-x86 1.0-2 119.00 OK
r-release-linux-x86_64 1.0-2 57.22 27.34 84.56 OK
r-release-windows-ix86+x86_64 1.0-2 139.00 81.00 220.00 OK
r-release-osx-x86_64 1.0-2 NOTE
r-oldrel-windows-ix86+x86_64 1.0-2 100.00 58.00 158.00 OK
r-oldrel-osx-x86_64 1.0-2 NOTE

Additional issues

valgrind

Check Details

Version: 1.0-2
Check: installed package size
Result: NOTE
     installed size is 20.4Mb
     sub-directories of 1Mb or more:
     libs 20.3Mb
Flavors: r-devel-linux-x86_64-fedora-clang, r-release-osx-x86_64, r-oldrel-osx-x86_64