CRAN Package Check Results for Package mined

Last updated on 2019-06-19 07:48:25 CEST.

Flavor Version Tinstall Tcheck Ttotal Status Flags
r-devel-linux-x86_64-debian-clang 1.0-1 61.19 24.76 85.95 OK
r-devel-linux-x86_64-debian-gcc 1.0-1 50.67 21.61 72.28 OK
r-devel-linux-x86_64-fedora-clang 1.0-1 128.56 NOTE
r-devel-linux-x86_64-fedora-gcc 1.0-1 118.70 OK
r-devel-windows-ix86+x86_64 1.0-1 135.00 77.00 212.00 OK
r-patched-linux-x86_64 1.0-1 65.05 26.31 91.36 OK
r-patched-solaris-x86 1.0-1 119.20 OK
r-release-linux-x86_64 1.0-1 64.94 26.39 91.33 OK
r-release-windows-ix86+x86_64 1.0-1 138.00 79.00 217.00 OK
r-release-osx-x86_64 1.0-1 NOTE
r-oldrel-windows-ix86+x86_64 1.0-1 100.00 81.00 181.00 OK
r-oldrel-osx-x86_64 1.0-1 NOTE

Check Details

Version: 1.0-1
Check: installed package size
Result: NOTE
     installed size is 20.2Mb
     sub-directories of 1Mb or more:
     libs 20.1Mb
Flavors: r-devel-linux-x86_64-fedora-clang, r-release-osx-x86_64, r-oldrel-osx-x86_64