CRAN Package Check Results for Package miceFast

Last updated on 2019-09-24 07:48:39 CEST.

Flavor Version Tinstall Tcheck Ttotal Status Flags
r-devel-linux-x86_64-debian-clang 0.5.1 97.31 55.01 152.32 OK
r-devel-linux-x86_64-debian-gcc 0.5.1 82.08 41.49 123.57 OK
r-devel-linux-x86_64-fedora-clang 0.5.1 231.09 NOTE
r-devel-linux-x86_64-fedora-gcc 0.5.1 218.66 OK
r-devel-windows-ix86+x86_64 0.5.1 249.00 125.00 374.00 OK
r-patched-linux-x86_64 0.5.1 92.18 49.66 141.84 OK
r-patched-solaris-x86 0.5.1 204.60 OK
r-release-linux-x86_64 0.5.1 91.81 49.48 141.29 OK
r-release-windows-ix86+x86_64 0.5.1 253.00 126.00 379.00 OK
r-release-osx-x86_64 0.5.1 NOTE
r-oldrel-windows-ix86+x86_64 0.5.1 180.00 80.00 260.00 OK
r-oldrel-osx-x86_64 0.5.1 NOTE

Check Details

Version: 0.5.1
Check: installed package size
Result: NOTE
     installed size is 10.5Mb
     sub-directories of 1Mb or more:
     libs 9.1Mb
Flavors: r-devel-linux-x86_64-fedora-clang, r-release-osx-x86_64, r-oldrel-osx-x86_64