Last updated on 2021-04-22 16:48:54 CEST.
Flavor | Version | Tinstall | Tcheck | Ttotal | Status | Flags |
---|---|---|---|---|---|---|
r-devel-linux-x86_64-debian-clang | 0.4.4 | 15.64 | 167.65 | 183.29 | OK | |
r-devel-linux-x86_64-debian-gcc | 0.4.4 | 12.53 | 124.33 | 136.86 | OK | |
r-devel-linux-x86_64-fedora-clang | 0.4.4 | 242.76 | NOTE | |||
r-devel-linux-x86_64-fedora-gcc | 0.4.4 | 230.71 | NOTE | |||
r-devel-windows-ix86+x86_64 | 0.4.4 | 37.00 | 174.00 | 211.00 | OK | |
r-devel-windows-x86_64-gcc10-UCRT | 0.4.4 | OK | ||||
r-patched-linux-x86_64 | 0.4.4 | 21.66 | 155.72 | 177.38 | WARN | |
r-patched-solaris-x86 | 0.4.4 | 303.60 | OK | |||
r-release-linux-x86_64 | 0.4.4 | 14.32 | 156.09 | 170.41 | OK | |
r-release-macos-x86_64 | 0.4.4 | OK | ||||
r-release-windows-ix86+x86_64 | 0.4.4 | 38.00 | 201.00 | 239.00 | OK | |
r-oldrel-macos-x86_64 | 0.4.4 | OK | ||||
r-oldrel-windows-ix86+x86_64 | 0.4.4 | 31.00 | 193.00 | 224.00 | OK |
Version: 0.4.4
Check: for detritus in the temp directory
Result: NOTE
Found the following files/directories:
‘par-7269706c6579’
Flavors: r-devel-linux-x86_64-fedora-clang, r-devel-linux-x86_64-fedora-gcc
Version: 0.4.4
Check: whether package can be installed
Result: WARN
Found the following significant warnings:
Rd warning: /tmp/Rtmpe8Hq1c/R.INSTALL38ee2404ee73/miWQS/man/make.quantile.matrix.Rd:33: file link ‘.bincode’ in package ‘base’ does not exist and so has been treated as a topic
Flavor: r-patched-linux-x86_64