CRAN Package Check Results for Package mgwrsar

Last updated on 2020-07-04 19:47:33 CEST.

Flavor Version Tinstall Tcheck Ttotal Status Flags
r-devel-linux-x86_64-debian-clang 0.1 64.53 723.03 787.56 WARN
r-devel-linux-x86_64-debian-gcc 0.1 59.09 549.62 608.71 OK
r-devel-linux-x86_64-fedora-clang 0.1 1022.32 NOTE
r-devel-linux-x86_64-fedora-gcc 0.1 905.41 OK
r-devel-windows-ix86+x86_64 0.1 150.00 789.00 939.00 OK
r-patched-linux-x86_64 0.1 66.04 721.69 787.73 WARN
r-patched-solaris-x86 0.1 305.60 WARN
r-release-linux-x86_64 0.1 67.80 723.51 791.31 WARN
r-release-osx-x86_64 0.1 NOTE
r-release-windows-ix86+x86_64 0.1 120.00 764.00 884.00 OK
r-oldrel-osx-x86_64 0.1 WARN
r-oldrel-windows-ix86+x86_64 0.1 136.00 931.00 1067.00 OK

Check Details

Version: 0.1
Check: re-building of vignette outputs
Result: WARN
    Error(s) in re-building vignettes:
     ...
    --- re-building 'mgwrsar-basic_examples.Rmd' using rmarkdown
    Killed
Flavors: r-devel-linux-x86_64-debian-clang, r-patched-linux-x86_64, r-release-linux-x86_64

Version: 0.1
Check: installed package size
Result: NOTE
     installed size is 21.2Mb
     sub-directories of 1Mb or more:
     doc 1.1Mb
     libs 19.7Mb
Flavors: r-devel-linux-x86_64-fedora-clang, r-release-osx-x86_64, r-oldrel-osx-x86_64

Version: 0.1
Check: Rd cross-references
Result: NOTE
    Undeclared packages ‘McSpatial’, ‘locfit’ in Rd xrefs
Flavor: r-devel-linux-x86_64-fedora-clang

Version: 0.1
Check: re-building of vignette outputs
Result: WARN
    Error(s) in re-building vignettes:
     ...
    --- re-building ‘mgwrsar-basic_examples.Rmd’ using rmarkdown
    Warning in engine$weave(file, quiet = quiet, encoding = enc) :
     Pandoc (>= 1.12.3) and/or pandoc-citeproc not available. Falling back to R Markdown v1.
    Quitting from lines 91-94 (mgwrsar-basic_examples.Rmd)
    Error: processing vignette 'mgwrsar-basic_examples.Rmd' failed with diagnostics:
    there is no package called 'webshot'
    --- failed re-building ‘mgwrsar-basic_examples.Rmd’
    
    SUMMARY: processing the following file failed:
     ‘mgwrsar-basic_examples.Rmd’
    
    Error: Vignette re-building failed.
    Execution halted
Flavor: r-patched-solaris-x86

Version: 0.1
Check: re-building of vignette outputs
Result: WARN
    Error(s) in re-building vignettes:
     ...
    --- re-building ‘mgwrsar-basic_examples.Rmd’ using rmarkdown
    Warning in engine$weave(file, quiet = quiet, encoding = enc) :
     Pandoc (>= 1.12.3) and/or pandoc-citeproc not available. Falling back to R Markdown v1.
    Quitting from lines 91-94 (mgwrsar-basic_examples.Rmd)
    Error: processing vignette 'mgwrsar-basic_examples.Rmd' failed with diagnostics:
    cannot open the connection
    --- failed re-building ‘mgwrsar-basic_examples.Rmd’
    
    SUMMARY: processing the following file failed:
     ‘mgwrsar-basic_examples.Rmd’
    
    Error: Vignette re-building failed.
    Execution halted
Flavor: r-oldrel-osx-x86_64