CRAN Package Check Results for Package mfbvar

Last updated on 2019-06-20 05:48:32 CEST.

Flavor Version Tinstall Tcheck Ttotal Status Flags
r-devel-linux-x86_64-debian-clang 0.4.0 91.51 51.40 142.91 OK
r-devel-linux-x86_64-debian-gcc 0.4.0 68.96 40.36 109.32 OK
r-devel-linux-x86_64-fedora-clang 0.4.0 201.99 NOTE
r-devel-linux-x86_64-fedora-gcc 0.4.0 176.13 OK
r-devel-windows-ix86+x86_64 0.4.0 237.00 118.00 355.00 OK
r-patched-linux-x86_64 0.4.0 75.21 51.04 126.25 OK
r-patched-solaris-x86 0.4.0 182.00 OK
r-release-linux-x86_64 0.4.0 81.84 50.81 132.65 OK
r-release-windows-ix86+x86_64 0.4.0 284.00 118.00 402.00 OK
r-release-osx-x86_64 0.4.0 NOTE
r-oldrel-windows-ix86+x86_64 0.4.0 159.00 123.00 282.00 OK
r-oldrel-osx-x86_64 0.4.0 NOTE

Check Details

Version: 0.4.0
Check: installed package size
Result: NOTE
     installed size is 5.2Mb
     sub-directories of 1Mb or more:
     libs 4.9Mb
Flavors: r-devel-linux-x86_64-fedora-clang, r-release-osx-x86_64, r-oldrel-osx-x86_64