CRAN Package Check Results for Package mfbvar

Last updated on 2019-09-22 19:51:24 CEST.

Flavor Version Tinstall Tcheck Ttotal Status Flags
r-devel-linux-x86_64-debian-clang 0.5.1 440.38 160.44 600.82 NOTE
r-devel-linux-x86_64-debian-gcc 0.5.1 354.84 248.03 602.87 NOTE
r-devel-linux-x86_64-fedora-clang 0.5.1 940.81 NOTE
r-devel-linux-x86_64-fedora-gcc 0.5.1 909.41 NOTE
r-devel-windows-ix86+x86_64 0.5.1 891.00 379.00 1270.00 NOTE
r-patched-linux-x86_64 0.5.1 378.89 272.80 651.69 NOTE
r-patched-solaris-x86 0.5.1 1393.90 NOTE
r-release-linux-x86_64 0.5.1 364.75 262.42 627.17 NOTE
r-release-windows-ix86+x86_64 0.5.1 1180.00 446.00 1626.00 NOTE
r-release-osx-x86_64 0.5.1 NOTE
r-oldrel-windows-ix86+x86_64 0.5.1 827.00 303.00 1130.00 NOTE
r-oldrel-osx-x86_64 0.5.1 NOTE

Additional issues

OpenBLAS

Check Details

Version: 0.5.1
Check: for GNU extensions in Makefiles
Result: NOTE
    GNU make is a SystemRequirements.
Flavors: r-devel-linux-x86_64-debian-clang, r-devel-linux-x86_64-debian-gcc, r-devel-linux-x86_64-fedora-clang, r-devel-linux-x86_64-fedora-gcc, r-devel-windows-ix86+x86_64, r-patched-linux-x86_64, r-patched-solaris-x86, r-release-linux-x86_64, r-release-windows-ix86+x86_64, r-release-osx-x86_64, r-oldrel-windows-ix86+x86_64, r-oldrel-osx-x86_64

Version: 0.5.1
Check: installed package size
Result: NOTE
     installed size is 25.6Mb
     sub-directories of 1Mb or more:
     libs 24.6Mb
Flavors: r-devel-linux-x86_64-fedora-clang, r-devel-windows-ix86+x86_64, r-release-windows-ix86+x86_64, r-release-osx-x86_64, r-oldrel-windows-ix86+x86_64, r-oldrel-osx-x86_64