CRAN Package Check Results for Package meteoland

Last updated on 2019-06-17 19:47:12 CEST.

Flavor Version Tinstall Tcheck Ttotal Status Flags
r-devel-linux-x86_64-debian-clang 0.8.1 92.31 159.44 251.75 OK
r-devel-linux-x86_64-debian-gcc 0.8.1 73.37 120.49 193.86 OK
r-devel-linux-x86_64-fedora-clang 0.8.1 334.01 NOTE
r-devel-linux-x86_64-fedora-gcc 0.8.1 310.26 OK
r-devel-windows-ix86+x86_64 0.8.1 213.00 316.00 529.00 OK
r-patched-linux-x86_64 0.8.1 83.99 152.52 236.51 OK
r-patched-solaris-x86 0.8.1 419.20 OK
r-release-linux-x86_64 0.8.1 87.34 150.50 237.84 OK
r-release-windows-ix86+x86_64 0.8.1 173.00 317.00 490.00 OK
r-release-osx-x86_64 0.8.1 NOTE
r-oldrel-windows-ix86+x86_64 0.8.1 145.00 293.00 438.00 OK
r-oldrel-osx-x86_64 0.8.1 NOTE

Check Details

Version: 0.8.1
Check: installed package size
Result: NOTE
     installed size is 5.9Mb
     sub-directories of 1Mb or more:
     libs 3.2Mb
Flavors: r-devel-linux-x86_64-fedora-clang, r-release-osx-x86_64, r-oldrel-osx-x86_64