CRAN Package Check Results for Package meteoland

Last updated on 2020-07-04 19:47:33 CEST.

Flavor Version Tinstall Tcheck Ttotal Status Flags
r-devel-linux-x86_64-debian-clang 0.9.3 119.08 233.96 353.04 OK
r-devel-linux-x86_64-debian-gcc 0.9.3 85.51 171.56 257.07 OK
r-devel-linux-x86_64-fedora-clang 0.9.3 460.84 NOTE
r-devel-linux-x86_64-fedora-gcc 0.9.3 429.11 OK
r-devel-windows-ix86+x86_64 0.9.3 281.00 319.00 600.00 NOTE
r-patched-linux-x86_64 0.9.3 95.73 219.04 314.77 OK
r-patched-solaris-x86 0.9.3 541.20 OK
r-release-linux-x86_64 0.9.3 94.41 222.05 316.46 OK
r-release-osx-x86_64 0.9.3 NOTE
r-release-windows-ix86+x86_64 0.9.3 216.00 303.00 519.00 NOTE
r-oldrel-osx-x86_64 0.9.3 NOTE
r-oldrel-windows-ix86+x86_64 0.9.3 231.00 417.00 648.00 OK

Check Details

Version: 0.9.3
Check: installed package size
Result: NOTE
     installed size is 6.7Mb
     sub-directories of 1Mb or more:
     R 1.1Mb
     libs 4.2Mb
Flavors: r-devel-linux-x86_64-fedora-clang, r-devel-windows-ix86+x86_64, r-release-osx-x86_64, r-release-windows-ix86+x86_64, r-oldrel-osx-x86_64