CRAN Package Check Results for Package meteoland

Last updated on 2019-08-18 07:48:55 CEST.

Flavor Version Tinstall Tcheck Ttotal Status Flags
r-devel-linux-x86_64-debian-clang 0.8.1 93.70 154.86 248.56 OK
r-devel-linux-x86_64-debian-gcc 0.8.1 72.14 122.60 194.74 OK
r-devel-linux-x86_64-fedora-clang 0.8.1 334.20 NOTE
r-devel-linux-x86_64-fedora-gcc 0.8.1 323.15 OK
r-devel-windows-ix86+x86_64 0.8.1 218.00 314.00 532.00 OK
r-patched-linux-x86_64 0.8.1 81.02 150.73 231.75 OK
r-patched-solaris-x86 0.8.1 425.80 OK
r-release-linux-x86_64 0.8.1 80.66 150.07 230.73 OK
r-release-windows-ix86+x86_64 0.8.1 159.00 227.00 386.00 OK
r-release-osx-x86_64 0.8.1 NOTE
r-oldrel-windows-ix86+x86_64 0.8.1 207.00 286.00 493.00 OK
r-oldrel-osx-x86_64 0.8.1 NOTE

Check Details

Version: 0.8.1
Check: installed package size
Result: NOTE
     installed size is 6.4Mb
     sub-directories of 1Mb or more:
     libs 3.7Mb
Flavors: r-devel-linux-x86_64-fedora-clang, r-release-osx-x86_64, r-oldrel-osx-x86_64