CRAN Package Check Results for Package memnet

Last updated on 2019-09-24 07:48:39 CEST.

Flavor Version Tinstall Tcheck Ttotal Status Flags
r-devel-linux-x86_64-debian-clang 0.1.0 54.59 38.97 93.56 NOTE
r-devel-linux-x86_64-debian-gcc 0.1.0 46.03 30.63 76.66 NOTE
r-devel-linux-x86_64-fedora-clang 0.1.0 136.93 NOTE
r-devel-linux-x86_64-fedora-gcc 0.1.0 133.96 OK
r-devel-windows-ix86+x86_64 0.1.0 134.00 101.00 235.00 NOTE
r-patched-linux-x86_64 0.1.0 51.73 38.61 90.34 OK
r-patched-solaris-x86 0.1.0 132.40 OK
r-release-linux-x86_64 0.1.0 50.24 38.44 88.68 OK
r-release-windows-ix86+x86_64 0.1.0 128.00 107.00 235.00 OK
r-release-osx-x86_64 0.1.0 NOTE
r-oldrel-windows-ix86+x86_64 0.1.0 87.00 65.00 152.00 OK
r-oldrel-osx-x86_64 0.1.0 OK

Check Details

Version: 0.1.0
Check: package vignettes
Result: NOTE
    Package vignette with placeholder title 'Vignette Title':
     'memnet.Rmd'
Flavors: r-devel-linux-x86_64-debian-clang, r-devel-linux-x86_64-debian-gcc, r-devel-windows-ix86+x86_64

Version: 0.1.0
Check: installed package size
Result: NOTE
     installed size is 5.7Mb
     sub-directories of 1Mb or more:
     doc 1.6Mb
     libs 3.8Mb
Flavors: r-devel-linux-x86_64-fedora-clang, r-release-osx-x86_64