CRAN Package Check Results for Package memnet

Last updated on 2019-06-24 19:50:06 CEST.

Flavor Version Tinstall Tcheck Ttotal Status Flags
r-devel-linux-x86_64-debian-clang 0.1.0 50.07 38.91 88.98 NOTE
r-devel-linux-x86_64-debian-gcc 0.1.0 44.13 31.47 75.60 NOTE
r-devel-linux-x86_64-fedora-clang 0.1.0 135.41 NOTE
r-devel-linux-x86_64-fedora-gcc 0.1.0 124.34 OK
r-devel-windows-ix86+x86_64 0.1.0 137.00 77.00 214.00 OK
r-patched-linux-x86_64 0.1.0 50.90 38.87 89.77 OK
r-patched-solaris-x86 0.1.0 137.60 OK
r-release-linux-x86_64 0.1.0 53.82 39.28 93.10 OK
r-release-windows-ix86+x86_64 0.1.0 105.00 94.00 199.00 OK
r-release-osx-x86_64 0.1.0 NOTE
r-oldrel-windows-ix86+x86_64 0.1.0 97.00 69.00 166.00 OK
r-oldrel-osx-x86_64 0.1.0 OK

Check Details

Version: 0.1.0
Check: package vignettes
Result: NOTE
    Package vignette with placeholder title 'Vignette Title':
     'memnet.Rmd'
Flavors: r-devel-linux-x86_64-debian-clang, r-devel-linux-x86_64-debian-gcc

Version: 0.1.0
Check: installed package size
Result: NOTE
     installed size is 5.2Mb
     sub-directories of 1Mb or more:
     doc 1.6Mb
     libs 3.3Mb
Flavors: r-devel-linux-x86_64-fedora-clang, r-release-osx-x86_64