CRAN Package Check Results for Package mem

Last updated on 2019-08-24 19:47:15 CEST.

Flavor Version Tinstall Tcheck Ttotal Status Flags
r-devel-linux-x86_64-debian-clang 2.15 14.48 93.94 108.42 NOTE
r-devel-linux-x86_64-debian-gcc 2.15 10.61 73.77 84.38 NOTE
r-devel-linux-x86_64-fedora-clang 2.15 137.82 NOTE
r-devel-linux-x86_64-fedora-gcc 2.15 129.66 NOTE
r-devel-windows-ix86+x86_64 2.15 20.00 128.00 148.00 OK
r-patched-linux-x86_64 2.15 12.11 93.83 105.94 OK
r-patched-solaris-x86 2.15 203.20 OK
r-release-linux-x86_64 2.15 13.91 93.38 107.29 OK
r-release-windows-ix86+x86_64 2.15 27.00 137.00 164.00 OK
r-release-osx-x86_64 2.15 OK
r-oldrel-windows-ix86+x86_64 2.15 19.00 134.00 153.00 OK
r-oldrel-osx-x86_64 2.15 OK

Check Details

Version: 2.15
Check: for non-standard things in the check directory
Result: NOTE
    Found the following files/directories:
     'Absolute Positions.txt' 'Epidemics 1.tiff' 'Epidemics 1.txt'
     'Epidemics 2.tiff' 'Epidemics 2.txt' 'Epidemics 3.tiff' 'Epidemics
     3.txt' 'Epidemics 4.tiff' 'Epidemics 4.txt' 'Epidemics 5.tiff'
     'Epidemics 5.txt' 'Epidemics 6.tiff' 'Epidemics 6.txt' 'Epidemics
     7.tiff' 'Epidemics 7.txt' 'Epidemics 8.tiff' 'Epidemics 8.txt' 'MAP
     Curve 1.tiff' 'MAP Curve 1.txt' 'MAP Curve 2.tiff' 'MAP Curve 2.txt'
     'MAP Curve 3.tiff' 'MAP Curve 3.txt' 'MAP Curve 4.tiff' 'MAP Curve
     4.txt' 'MAP Curve 5.tiff' 'MAP Curve 5.txt' 'MAP Curve 6.tiff' 'MAP
     Curve 6.txt' 'MAP Curve 7.tiff' 'MAP Curve 7.txt' 'MAP Curve 8.tiff'
     'MAP Curve 8.txt' 'MAP Curve Slope 1.tiff' 'MAP Curve Slope 1.txt'
     'MAP Curve Slope 2.tiff' 'MAP Curve Slope 2.txt' 'MAP Curve Slope
     3.tiff' 'MAP Curve Slope 3.txt' 'MAP Curve Slope 4.tiff' 'MAP Curve
     Slope 4.txt' 'MAP Curve Slope 5.tiff' 'MAP Curve Slope 5.txt' 'MAP
     Curve Slope 6.tiff' 'MAP Curve Slope 6.txt' 'MAP Curve Slope 7.tiff'
     'MAP Curve Slope 7.txt' 'MAP Curve Slope 8.tiff' 'MAP Curve Slope
     8.txt' 'MEM Model v1.tiff' 'MEM Model v1.txt' 'MEM Model v2.tiff'
     'MEM Model v2.txt' 'Moving Epidemics.tiff' 'Moving Epidemics.txt'
     'Relative Positions.txt' 'Summary.txt' 'graph 1.tiff' 'graph 2.tiff'
     'graph 3.tiff' 'graph 4.tiff' 'graph 5.tiff' 'series graph.png'
Flavors: r-devel-linux-x86_64-debian-clang, r-devel-linux-x86_64-debian-gcc, r-devel-linux-x86_64-fedora-clang, r-devel-linux-x86_64-fedora-gcc