CRAN Package Check Results for Package medExtractR

Last updated on 2025-01-24 07:49:23 CET.

Flavor Version Tinstall Tcheck Ttotal Status Flags
r-devel-linux-x86_64-debian-clang 0.4.1 5.76 179.19 184.95 NOTE
r-devel-linux-x86_64-debian-gcc 0.4.1 4.62 136.67 141.29 NOTE
r-devel-linux-x86_64-fedora-clang 0.4.1 286.05 NOTE
r-devel-linux-x86_64-fedora-gcc 0.4.1 295.27 NOTE
r-devel-windows-x86_64 0.4.1 8.00 257.00 265.00 NOTE
r-patched-linux-x86_64 0.4.1 7.05 174.64 181.69 NOTE
r-release-linux-x86_64 0.4.1 6.36 173.21 179.57 NOTE
r-release-macos-arm64 0.4.1 111.00 NOTE
r-release-macos-x86_64 0.4.1 171.00 NOTE
r-release-windows-x86_64 0.4.1 6.00 257.00 263.00 NOTE
r-oldrel-macos-arm64 0.4.1 129.00 OK
r-oldrel-macos-x86_64 0.4.1 221.00 OK
r-oldrel-windows-x86_64 0.4.1 9.00 276.00 285.00 OK

Check Details

Version: 0.4.1
Check: Rd files
Result: NOTE checkRd: (-1) strings-internal.Rd:14: Lost braces 14 | code{stringPlaceExact}: find location of string, using exact match | ^ checkRd: (-1) strings-internal.Rd:17: Lost braces 17 | code{stringPlaceFuzzy}: find location of string, using partial match | ^ checkRd: (-1) strings-internal.Rd:19: Lost braces 19 | code{stringPlace}: find location of string, generic | ^ checkRd: (-1) strings-internal.Rd:21: Lost braces 21 | code{checkFuzzy}: check for "close" string matches | ^ Flavors: r-devel-linux-x86_64-debian-clang, r-devel-linux-x86_64-debian-gcc, r-devel-linux-x86_64-fedora-clang, r-devel-linux-x86_64-fedora-gcc, r-devel-windows-x86_64, r-patched-linux-x86_64, r-release-linux-x86_64, r-release-macos-arm64, r-release-macos-x86_64, r-release-windows-x86_64