CRAN Package Check Results for Package mclust

Last updated on 2019-07-19 19:46:50 CEST.

Flavor Version Tinstall Tcheck Ttotal Status Flags
r-devel-linux-x86_64-debian-clang 5.4.5 36.14 214.30 250.44 OK
r-devel-linux-x86_64-debian-gcc 5.4.5 29.36 153.81 183.17 OK
r-devel-linux-x86_64-fedora-clang 5.4.5 304.60 NOTE
r-devel-linux-x86_64-fedora-gcc 5.4.5 294.91 OK
r-devel-windows-ix86+x86_64 5.4.5 97.00 380.00 477.00 NOTE
r-patched-linux-x86_64 5.4.5 34.86 210.39 245.25 OK
r-patched-solaris-x86 5.4.5 410.10 NOTE
r-release-linux-x86_64 5.4.5 35.67 211.45 247.12 OK
r-release-windows-ix86+x86_64 5.4.5 66.00 298.00 364.00 NOTE
r-release-osx-x86_64 5.4.5 NOTE
r-oldrel-windows-ix86+x86_64 5.4.5 67.00 287.00 354.00 NOTE
r-oldrel-osx-x86_64 5.4.5 NOTE

Check Details

Version: 5.4.5
Check: installed package size
Result: NOTE
     installed size is 5.8Mb
     sub-directories of 1Mb or more:
     doc 3.0Mb
Flavors: r-devel-linux-x86_64-fedora-clang, r-devel-windows-ix86+x86_64, r-patched-solaris-x86, r-release-windows-ix86+x86_64, r-release-osx-x86_64, r-oldrel-windows-ix86+x86_64, r-oldrel-osx-x86_64

Version: 5.4.5
Check: R code for possible problems
Result: NOTE
    surfacePlot : <anonymous>: no visible global function definition for
     'hcl.colors'
    Undefined global functions or variables:
     hcl.colors
Flavors: r-oldrel-windows-ix86+x86_64, r-oldrel-osx-x86_64