CRAN Package Check Results for Package mapindiatools

Last updated on 2025-01-20 08:48:29 CET.

Flavor Version Tinstall Tcheck Ttotal Status Flags
r-devel-linux-x86_64-debian-clang 1.0.1 14.38 43.79 58.17 OK
r-devel-linux-x86_64-debian-gcc 1.0.1 13.35 32.15 45.50 OK
r-devel-linux-x86_64-fedora-clang 1.0.1 96.05 OK
r-devel-linux-x86_64-fedora-gcc 1.0.1 92.06 OK
r-devel-windows-x86_64 1.0.1 16.00 59.00 75.00 OK
r-patched-linux-x86_64 1.0.1 15.46 41.20 56.66 OK
r-release-linux-x86_64 1.0.1 14.77 40.86 55.63 OK
r-release-macos-arm64 1.0.1 42.00 NOTE
r-release-macos-x86_64 1.0.1 57.00 NOTE
r-release-windows-x86_64 1.0.1 17.00 60.00 77.00 NOTE
r-oldrel-macos-arm64 1.0.1 42.00 NOTE
r-oldrel-macos-x86_64 1.0.1 101.00 NOTE
r-oldrel-windows-x86_64 1.0.1 19.00 68.00 87.00 NOTE

Check Details

Version: 1.0.1
Check: installed package size
Result: NOTE installed size is 8.5Mb sub-directories of 1Mb or more: R 8.4Mb Flavors: r-release-macos-arm64, r-release-macos-x86_64, r-release-windows-x86_64, r-oldrel-macos-arm64, r-oldrel-macos-x86_64, r-oldrel-windows-x86_64