CRAN Package Check Results for Package mapi

Last updated on 2019-06-26 07:49:17 CEST.

Flavor Version Tinstall Tcheck Ttotal Status Flags
r-devel-linux-x86_64-debian-clang 1.0.0-62 17.85 37.44 55.29 OK
r-devel-linux-x86_64-debian-gcc 1.0.0-62 12.71 30.28 42.99 OK
r-devel-linux-x86_64-fedora-clang 1.0.0-62 73.67 NOTE
r-devel-linux-x86_64-fedora-gcc 1.0.0-62 71.11 NOTE
r-devel-windows-ix86+x86_64 1.0.0-62 46.00 73.00 119.00 OK
r-patched-linux-x86_64 1.0.0-62 16.14 37.06 53.20 OK
r-patched-solaris-x86 1.0.0-62 90.80 NOTE
r-release-linux-x86_64 1.0.0-62 14.79 36.83 51.62 OK
r-release-windows-ix86+x86_64 1.0.0-62 35.00 114.00 149.00 OK
r-release-osx-x86_64 1.0.0-62 NOTE
r-oldrel-windows-ix86+x86_64 1.0.0-62 27.00 67.00 94.00 OK
r-oldrel-osx-x86_64 1.0.0-62 NOTE

Check Details

Version: 1.0.0-62
Check: dependencies in R code
Result: NOTE
    Namespace in Imports field not imported from: ‘parallel’
     All declared Imports should be used.
Flavors: r-devel-linux-x86_64-fedora-clang, r-devel-linux-x86_64-fedora-gcc, r-patched-solaris-x86, r-release-osx-x86_64, r-oldrel-osx-x86_64