CRAN Package Check Results for Package mapi

Last updated on 2019-09-24 07:48:39 CEST.

Flavor Version Tinstall Tcheck Ttotal Status Flags
r-devel-linux-x86_64-debian-clang 1.0.0-62 17.63 37.30 54.93 OK
r-devel-linux-x86_64-debian-gcc 1.0.0-62 12.68 29.82 42.50 OK
r-devel-linux-x86_64-fedora-clang 1.0.0-62 74.13 NOTE
r-devel-linux-x86_64-fedora-gcc 1.0.0-62 71.48 NOTE
r-devel-windows-ix86+x86_64 1.0.0-62 47.00 89.00 136.00 OK
r-patched-linux-x86_64 1.0.0-62 16.07 35.81 51.88 OK
r-patched-solaris-x86 1.0.0-62 88.40 NOTE
r-release-linux-x86_64 1.0.0-62 14.85 35.96 50.81 OK
r-release-windows-ix86+x86_64 1.0.0-62 51.00 101.00 152.00 OK
r-release-osx-x86_64 1.0.0-62 NOTE
r-oldrel-windows-ix86+x86_64 1.0.0-62 31.00 67.00 98.00 OK
r-oldrel-osx-x86_64 1.0.0-62 NOTE

Check Details

Version: 1.0.0-62
Check: dependencies in R code
Result: NOTE
    Namespace in Imports field not imported from: ‘parallel’
     All declared Imports should be used.
Flavors: r-devel-linux-x86_64-fedora-clang, r-devel-linux-x86_64-fedora-gcc, r-patched-solaris-x86, r-release-osx-x86_64, r-oldrel-osx-x86_64