Last updated on 2021-04-21 04:49:03 CEST.
Flavor | Version | Tinstall | Tcheck | Ttotal | Status | Flags |
---|---|---|---|---|---|---|
r-devel-linux-x86_64-debian-clang | 2.4 | 11.61 | 119.46 | 131.07 | NOTE | |
r-devel-linux-x86_64-debian-gcc | 2.4 | 10.79 | 88.22 | 99.01 | NOTE | |
r-devel-linux-x86_64-fedora-clang | 2.4 | 160.59 | NOTE | |||
r-devel-linux-x86_64-fedora-gcc | 2.4 | 157.32 | NOTE | |||
r-devel-windows-ix86+x86_64 | 2.4 | 29.00 | 130.00 | 159.00 | NOTE | |
r-devel-windows-x86_64-gcc10-UCRT | 2.4 | NOTE | ||||
r-patched-linux-x86_64 | 2.4 | 16.34 | 107.25 | 123.59 | WARN | |
r-patched-solaris-x86 | 2.4 | 231.20 | NOTE | |||
r-release-linux-x86_64 | 2.4 | 11.84 | 106.72 | 118.56 | NOTE | |
r-release-macos-x86_64 | 2.4 | NOTE | ||||
r-release-windows-ix86+x86_64 | 2.4 | 40.00 | 163.00 | 203.00 | NOTE | |
r-oldrel-macos-x86_64 | 2.4 | NOTE | ||||
r-oldrel-windows-ix86+x86_64 | 2.4 | 35.00 | 174.00 | 209.00 | NOTE |
Version: 2.4
Check: R code for possible problems
Result: NOTE
calcStats: no visible global function definition for 'as.formula'
calcStats: no visible global function definition for 'na.omit'
Undefined global functions or variables:
as.formula na.omit
Consider adding
importFrom("stats", "as.formula", "na.omit")
to your NAMESPACE file.
Flavors: r-devel-linux-x86_64-debian-clang, r-devel-linux-x86_64-debian-gcc, r-devel-linux-x86_64-fedora-clang, r-devel-linux-x86_64-fedora-gcc, r-devel-windows-ix86+x86_64, r-devel-windows-x86_64-gcc10-UCRT, r-patched-linux-x86_64, r-patched-solaris-x86, r-release-linux-x86_64, r-release-macos-x86_64, r-release-windows-ix86+x86_64, r-oldrel-macos-x86_64, r-oldrel-windows-ix86+x86_64
Version: 2.4
Check: whether package can be installed
Result: WARN
Found the following significant warnings:
Rd warning: /tmp/Rtmp6Sfyqd/R.INSTALL2451450719f/mapStats/man/mapStats-internal.Rd:31: file link ‘SpatialPolygonsDataFrame’ in package ‘sp’ does not exist and so has been treated as a topic
Rd warning: /tmp/Rtmp6Sfyqd/R.INSTALL2451450719f/mapStats/man/mapStats-internal.Rd:52: file link ‘brewer.pal’ in package ‘RColorBrewer’ does not exist and so has been treated as a topic
Rd warning: /tmp/Rtmp6Sfyqd/R.INSTALL2451450719f/mapStats/man/mapStats.Rd:63: file link ‘SpatialPolygonsDataFrame’ in package ‘sp’ does not exist and so has been treated as a topic
Rd warning: /tmp/Rtmp6Sfyqd/R.INSTALL2451450719f/mapStats/man/mapStats.Rd:82: file link ‘brewer.pal’ in package ‘RColorBrewer’ does not exist and so has been treated as a topic
Rd warning: /tmp/Rtmp6Sfyqd/R.INSTALL2451450719f/mapStats/man/mapStats.Rd:152: file link ‘RColorBrewer’ in package ‘RColorBrewer’ does not exist and so has been treated as a topic
Flavor: r-patched-linux-x86_64