CRAN Package Check Results for Package lwgeom

Last updated on 2019-09-24 07:48:39 CEST.

Flavor Version Tinstall Tcheck Ttotal Status Flags
r-devel-linux-x86_64-debian-clang 0.1-7 75.87 45.58 121.45 WARN
r-devel-linux-x86_64-debian-gcc 0.1-7 57.56 36.38 93.94 WARN
r-devel-linux-x86_64-fedora-clang 0.1-7 181.88 WARN
r-devel-linux-x86_64-fedora-gcc 0.1-7 164.09 WARN
r-devel-windows-ix86+x86_64 0.1-7 287.00 154.00 441.00 NOTE
r-patched-linux-x86_64 0.1-7 62.27 44.83 107.10 OK
r-patched-solaris-x86 0.1-7 183.70 OK
r-release-linux-x86_64 0.1-7 63.25 45.36 108.61 OK
r-release-windows-ix86+x86_64 0.1-7 301.00 149.00 450.00 NOTE
r-release-osx-x86_64 0.1-7 NOTE
r-oldrel-windows-ix86+x86_64 0.1-7 241.00 111.00 352.00 NOTE
r-oldrel-osx-x86_64 0.1-7 NOTE

Check Details

Version: 0.1-7
Check: whether package can be installed
Result: WARN
    Found the following significant warnings:
     'config' variable 'CPP' is deprecated
Flavors: r-devel-linux-x86_64-debian-clang, r-devel-linux-x86_64-debian-gcc, r-devel-linux-x86_64-fedora-clang, r-devel-linux-x86_64-fedora-gcc

Version: 0.1-7
Check: installed package size
Result: NOTE
     installed size is 10.3Mb
     sub-directories of 1Mb or more:
     libs 5.2Mb
     proj 5.0Mb
Flavors: r-devel-windows-ix86+x86_64, r-release-windows-ix86+x86_64, r-release-osx-x86_64, r-oldrel-windows-ix86+x86_64, r-oldrel-osx-x86_64