CRAN Package Check Results for Package lwgeom

Last updated on 2019-06-26 07:49:17 CEST.

Flavor Version Tinstall Tcheck Ttotal Status Flags
r-devel-linux-x86_64-debian-clang 0.1-7 80.62 46.79 127.41 OK
r-devel-linux-x86_64-debian-gcc 0.1-7 55.70 37.04 92.74 OK
r-devel-linux-x86_64-fedora-clang 0.1-7 175.21 OK
r-devel-linux-x86_64-fedora-gcc 0.1-7 161.63 OK
r-devel-windows-ix86+x86_64 0.1-7 325.00 121.00 446.00 NOTE
r-patched-linux-x86_64 0.1-7 64.78 46.24 111.02 OK
r-patched-solaris-x86 0.1-7 187.50 OK
r-release-linux-x86_64 0.1-7 64.67 46.42 111.09 OK
r-release-windows-ix86+x86_64 0.1-7 269.00 181.00 450.00 NOTE
r-release-osx-x86_64 0.1-7 NOTE
r-oldrel-windows-ix86+x86_64 0.1-7 249.00 102.00 351.00 NOTE
r-oldrel-osx-x86_64 0.1-7 NOTE

Check Details

Version: 0.1-7
Check: installed package size
Result: NOTE
     installed size is 10.4Mb
     sub-directories of 1Mb or more:
     libs 5.3Mb
     proj 5.0Mb
Flavors: r-devel-windows-ix86+x86_64, r-release-windows-ix86+x86_64, r-release-osx-x86_64, r-oldrel-windows-ix86+x86_64, r-oldrel-osx-x86_64