CRAN Package Check Results for Package lemon

Last updated on 2020-01-18 17:46:33 CET.

Flavor Version Tinstall Tcheck Ttotal Status Flags
r-devel-linux-x86_64-debian-clang 0.4.3 9.78 175.73 185.51 NOTE
r-devel-linux-x86_64-debian-gcc 0.4.3 8.45 128.73 137.18 NOTE
r-devel-linux-x86_64-fedora-clang 0.4.3 208.94 NOTE
r-devel-linux-x86_64-fedora-gcc 0.4.3 206.94 NOTE
r-devel-windows-ix86+x86_64 0.4.3 27.00 246.00 273.00 OK
r-devel-windows-ix86+x86_64-gcc8 0.4.3 18.00 268.00 286.00 OK
r-patched-linux-x86_64 0.4.3 8.13 152.19 160.32 OK
r-patched-solaris-x86 0.4.3 255.10 OK
r-release-linux-x86_64 0.4.3 8.98 151.71 160.69 OK
r-release-windows-ix86+x86_64 0.4.3 26.00 227.00 253.00 OK
r-release-osx-x86_64 0.4.3 OK
r-oldrel-windows-ix86+x86_64 0.4.3 17.00 177.00 194.00 OK
r-oldrel-osx-x86_64 0.4.3 OK

Check Details

Version: 0.4.3
Check: for non-standard things in the check directory
Result: NOTE
    Found the following files/directories:
     'data' 'rawdata' 'results' 'tmp.Rdata'
Flavors: r-devel-linux-x86_64-debian-clang, r-devel-linux-x86_64-debian-gcc, r-devel-linux-x86_64-fedora-clang, r-devel-linux-x86_64-fedora-gcc