CRAN Package Check Results for Package lemon

Last updated on 2019-08-24 19:47:14 CEST.

Flavor Version Tinstall Tcheck Ttotal Status Flags
r-devel-linux-x86_64-debian-clang 0.4.3 9.02 159.92 168.94 NOTE
r-devel-linux-x86_64-debian-gcc 0.4.3 7.48 118.88 126.36 NOTE
r-devel-linux-x86_64-fedora-clang 0.4.3 191.99 NOTE
r-devel-linux-x86_64-fedora-gcc 0.4.3 191.23 NOTE
r-devel-windows-ix86+x86_64 0.4.3 20.00 158.00 178.00 OK
r-patched-linux-x86_64 0.4.3 8.08 151.42 159.50 OK
r-patched-solaris-x86 0.4.3 261.90 OK
r-release-linux-x86_64 0.4.3 7.33 152.85 160.18 OK
r-release-windows-ix86+x86_64 0.4.3 25.00 230.00 255.00 OK
r-release-osx-x86_64 0.4.3 OK
r-oldrel-windows-ix86+x86_64 0.4.3 18.00 243.00 261.00 OK
r-oldrel-osx-x86_64 0.4.3 OK

Check Details

Version: 0.4.3
Check: for non-standard things in the check directory
Result: NOTE
    Found the following files/directories:
     'data' 'rawdata' 'results' 'tmp.Rdata'
Flavors: r-devel-linux-x86_64-debian-clang, r-devel-linux-x86_64-debian-gcc, r-devel-linux-x86_64-fedora-clang, r-devel-linux-x86_64-fedora-gcc