CRAN Package Check Results for Package leaflet

Last updated on 2025-01-22 08:49:15 CET.

Flavor Version Tinstall Tcheck Ttotal Status Flags
r-devel-linux-x86_64-debian-clang 2.2.2 5.90 69.68 75.58 NOTE
r-devel-linux-x86_64-debian-gcc 2.2.2 3.79 48.98 52.77 NOTE
r-devel-linux-x86_64-fedora-clang 2.2.2 120.50 OK
r-devel-linux-x86_64-fedora-gcc 2.2.2 113.53 OK
r-devel-windows-x86_64 2.2.2 8.00 97.00 105.00 NOTE
r-patched-linux-x86_64 2.2.2 10.67 65.92 76.59 OK
r-release-linux-x86_64 2.2.2 4.83 66.85 71.68 OK
r-release-macos-arm64 2.2.2 34.00 OK
r-release-macos-x86_64 2.2.2 57.00 OK
r-release-windows-x86_64 2.2.2 9.00 94.00 103.00 OK
r-oldrel-macos-arm64 2.2.2 48.00 OK
r-oldrel-macos-x86_64 2.2.2 69.00 OK
r-oldrel-windows-x86_64 2.2.2 10.00 108.00 118.00 OK

Check Details

Version: 2.2.2
Check: Rd cross-references
Result: NOTE Found the following Rd file(s) with Rd \link{} targets missing package anchors: addRasterImage.Rd: projectRaster gadmCHE.Rd: getData Please provide package anchors for all Rd \link{} targets not in the package itself and the base packages. Flavors: r-devel-linux-x86_64-debian-clang, r-devel-linux-x86_64-debian-gcc, r-devel-windows-x86_64