CRAN Package Check Results for Package lcopula

Last updated on 2019-06-19 07:48:23 CEST.

Flavor Version Tinstall Tcheck Ttotal Status Flags
r-devel-linux-x86_64-debian-clang 1.0.3 27.59 75.73 103.32 OK
r-devel-linux-x86_64-debian-gcc 1.0.3 23.44 61.53 84.97 OK
r-devel-linux-x86_64-fedora-clang 1.0.3 132.21 OK
r-devel-linux-x86_64-fedora-gcc 1.0.3 125.65 OK
r-devel-windows-ix86+x86_64 1.0.3 71.00 165.00 236.00 OK
r-patched-linux-x86_64 1.0.3 26.48 73.52 100.00 OK
r-patched-solaris-x86 1.0.3 22.20 ERROR
r-release-linux-x86_64 1.0.3 28.10 73.91 102.01 OK
r-release-windows-ix86+x86_64 1.0.3 79.00 160.00 239.00 OK
r-release-osx-x86_64 1.0.3 OK
r-oldrel-windows-ix86+x86_64 1.0.3 54.00 116.00 170.00 OK
r-oldrel-osx-x86_64 1.0.3 OK

Check Details

Version: 1.0.3
Check: whether package can be installed
Result: ERROR
    Installation failed.
Flavor: r-patched-solaris-x86