CRAN Package Check Results for Package lava

Last updated on 2019-06-16 07:46:58 CEST.

Flavor Version Tinstall Tcheck Ttotal Status Flags
r-devel-linux-x86_64-debian-clang 1.6.5 32.85 258.55 291.40 OK
r-devel-linux-x86_64-debian-gcc 1.6.5 27.49 194.46 221.95 OK
r-devel-linux-x86_64-fedora-clang 1.6.5 337.02 OK
r-devel-linux-x86_64-fedora-gcc 1.6.5 323.53 OK
r-devel-windows-ix86+x86_64 1.6.5 62.00 260.00 322.00 OK
r-patched-linux-x86_64 1.6.5 34.95 257.11 292.06 OK
r-patched-solaris-x86 1.6.5 425.60 OK
r-release-linux-x86_64 1.6.5 35.21 257.25 292.46 OK
r-release-windows-ix86+x86_64 1.6.5 50.00 346.00 396.00 OK
r-release-osx-x86_64 1.6.5 NOTE
r-oldrel-windows-ix86+x86_64 1.6.5 41.00 309.00 350.00 OK
r-oldrel-osx-x86_64 1.6.5 OK

Check Details

Version: 1.6.5
Check: package dependencies
Result: NOTE
    Packages suggested but not available for checking: 'Rgraphviz', 'graph'
Flavor: r-release-osx-x86_64