CRAN Package Check Results for Package laeken

Last updated on 2021-04-22 16:48:52 CEST.

Flavor Version Tinstall Tcheck Ttotal Status Flags
r-devel-linux-x86_64-debian-clang 0.5.1 6.72 142.06 148.78 OK
r-devel-linux-x86_64-debian-gcc 0.5.1 4.92 114.18 119.10 OK
r-devel-linux-x86_64-fedora-clang 0.5.1 201.92 NOTE
r-devel-linux-x86_64-fedora-gcc 0.5.1 182.44 OK
r-devel-windows-ix86+x86_64 0.5.1 12.00 179.00 191.00 OK
r-devel-windows-x86_64-gcc10-UCRT 0.5.1 OK
r-patched-linux-x86_64 0.5.1 7.91 138.82 146.73 OK
r-patched-solaris-x86 0.5.1 260.20 OK
r-release-linux-x86_64 0.5.1 6.53 138.34 144.87 OK
r-release-macos-x86_64 0.5.1 OK
r-release-windows-ix86+x86_64 0.5.1 12.00 189.00 201.00 OK
r-oldrel-macos-x86_64 0.5.1 OK
r-oldrel-windows-ix86+x86_64 0.5.1 9.00 176.00 185.00 OK

Check Details

Version: 0.5.1
Check: Rd cross-references
Result: NOTE
    Undeclared package ‘sampling’ in Rd xrefs
Flavor: r-devel-linux-x86_64-fedora-clang