CRAN Package Check Results for Package kvh

Last updated on 2020-07-04 19:47:31 CEST.

Flavor Version Tinstall Tcheck Ttotal Status Flags
r-devel-linux-x86_64-debian-clang 1.4.1 21.31 25.11 46.42 NOTE
r-devel-linux-x86_64-debian-gcc 1.4.1 15.56 20.73 36.29 NOTE
r-devel-linux-x86_64-fedora-clang 1.4.1 71.59 NOTE
r-devel-linux-x86_64-fedora-gcc 1.4.1 59.30 NOTE
r-devel-windows-ix86+x86_64 1.4.1 65.00 66.00 131.00 OK
r-patched-linux-x86_64 1.4.1 15.88 25.62 41.50 NOTE
r-patched-solaris-x86 1.4.1 68.90 NOTE
r-release-linux-x86_64 1.4.1 16.80 25.89 42.69 NOTE
r-release-osx-x86_64 1.4.1 OK
r-release-windows-ix86+x86_64 1.4.1 39.00 66.00 105.00 OK
r-oldrel-osx-x86_64 1.4.1 OK
r-oldrel-windows-ix86+x86_64 1.4.1 41.00 78.00 119.00 OK

Check Details

Version: 1.4.1
Check: for non-standard things in the check directory
Result: NOTE
    Found the following files/directories:
     'm.kvh' 'test.kvh'
Flavors: r-devel-linux-x86_64-debian-clang, r-devel-linux-x86_64-debian-gcc, r-devel-linux-x86_64-fedora-clang, r-devel-linux-x86_64-fedora-gcc, r-patched-linux-x86_64, r-patched-solaris-x86, r-release-linux-x86_64