CRAN Package Check Results for Package kvh

Last updated on 2019-08-18 07:48:54 CEST.

Flavor Version Tinstall Tcheck Ttotal Status Flags
r-devel-linux-x86_64-debian-clang 1.4.1 17.03 23.73 40.76 NOTE
r-devel-linux-x86_64-debian-gcc 1.4.1 13.45 19.34 32.79 NOTE
r-devel-linux-x86_64-fedora-clang 1.4.1 60.18 NOTE
r-devel-linux-x86_64-fedora-gcc 1.4.1 52.88 NOTE
r-devel-windows-ix86+x86_64 1.4.1 53.00 77.00 130.00 OK
r-patched-linux-x86_64 1.4.1 16.90 23.86 40.76 OK
r-patched-solaris-x86 1.4.1 69.30 OK
r-release-linux-x86_64 1.4.1 16.78 23.79 40.57 OK
r-release-windows-ix86+x86_64 1.4.1 34.00 57.00 91.00 OK
r-release-osx-x86_64 1.4.1 OK
r-oldrel-windows-ix86+x86_64 1.4.1 42.00 79.00 121.00 OK
r-oldrel-osx-x86_64 1.4.1 OK

Check Details

Version: 1.4.1
Check: for non-standard things in the check directory
Result: NOTE
    Found the following files/directories:
     'm.kvh' 'test.kvh'
Flavors: r-devel-linux-x86_64-debian-clang, r-devel-linux-x86_64-debian-gcc, r-devel-linux-x86_64-fedora-clang, r-devel-linux-x86_64-fedora-gcc