CRAN Package Check Results for Package kvh

Last updated on 2019-06-17 19:47:09 CEST.

Flavor Version Tinstall Tcheck Ttotal Status Flags
r-devel-linux-x86_64-debian-clang 1.4.1 16.05 23.13 39.18 NOTE
r-devel-linux-x86_64-debian-gcc 1.4.1 14.60 19.09 33.69 NOTE
r-devel-linux-x86_64-fedora-clang 1.4.1 57.15 NOTE
r-devel-linux-x86_64-fedora-gcc 1.4.1 53.12 NOTE
r-devel-windows-ix86+x86_64 1.4.1 49.00 53.00 102.00 OK
r-patched-linux-x86_64 1.4.1 16.59 23.85 40.44 OK
r-patched-solaris-x86 1.4.1 67.90 OK
r-release-linux-x86_64 1.4.1 15.93 23.71 39.64 OK
r-release-windows-ix86+x86_64 1.4.1 36.00 73.00 109.00 OK
r-release-osx-x86_64 1.4.1 OK
r-oldrel-windows-ix86+x86_64 1.4.1 30.00 68.00 98.00 OK
r-oldrel-osx-x86_64 1.4.1 OK

Check Details

Version: 1.4.1
Check: for non-standard things in the check directory
Result: NOTE
    Found the following files/directories:
     'm.kvh' 'test.kvh'
Flavors: r-devel-linux-x86_64-debian-clang, r-devel-linux-x86_64-debian-gcc, r-devel-linux-x86_64-fedora-clang, r-devel-linux-x86_64-fedora-gcc