CRAN Package Check Results for Package kernlab

Last updated on 2019-08-24 19:47:14 CEST.

Flavor Version Tinstall Tcheck Ttotal Status Flags
r-devel-linux-x86_64-debian-clang 0.9-27 46.09 150.38 196.47 OK
r-devel-linux-x86_64-debian-gcc 0.9-27 30.49 117.76 148.25 OK
r-devel-linux-x86_64-fedora-clang 0.9-27 241.36 WARN
r-devel-linux-x86_64-fedora-gcc 0.9-27 232.25 OK
r-devel-windows-ix86+x86_64 0.9-27 128.00 280.00 408.00 OK
r-patched-linux-x86_64 0.9-27 42.28 147.95 190.23 OK
r-patched-solaris-x86 0.9-27 320.10 OK
r-release-linux-x86_64 0.9-27 40.59 150.74 191.33 OK
r-release-windows-ix86+x86_64 0.9-27 94.00 280.00 374.00 OK
r-release-osx-x86_64 0.9-27 OK
r-oldrel-windows-ix86+x86_64 0.9-27 88.00 197.00 285.00 OK
r-oldrel-osx-x86_64 0.9-27 OK

Additional issues

LTO

Check Details

Version: 0.9-27
Check: whether package can be installed
Result: WARN
    Found the following significant warnings:
     lcp.cpp:92:39: warning: 'bind2nd<std::__1::greater<int>, int>' is deprecated [-Wdeprecated-declarations]
Flavor: r-devel-linux-x86_64-fedora-clang