CRAN Package Check Results for Package keras

Last updated on 2019-06-26 07:49:16 CEST.

Flavor Version Tinstall Tcheck Ttotal Status Flags
r-devel-linux-x86_64-debian-clang 2.2.4.1 14.65 157.15 171.80 OK
r-devel-linux-x86_64-debian-gcc 2.2.4.1 13.95 127.02 140.97 OK
r-devel-linux-x86_64-fedora-clang 2.2.4.1 211.29 NOTE
r-devel-linux-x86_64-fedora-gcc 2.2.4.1 204.74 OK
r-devel-windows-ix86+x86_64 2.2.4.1 48.00 203.00 251.00 NOTE
r-patched-linux-x86_64 2.2.4.1 14.33 157.11 171.44 OK
r-patched-solaris-x86 2.2.4.1 311.90 NOTE
r-release-linux-x86_64 2.2.4.1 16.27 158.06 174.33 OK
r-release-windows-ix86+x86_64 2.2.4.1 31.00 294.00 325.00 NOTE
r-release-osx-x86_64 2.2.4.1 NOTE
r-oldrel-windows-ix86+x86_64 2.2.4.1 21.00 141.00 162.00 NOTE
r-oldrel-osx-x86_64 2.2.4.1 NOTE

Check Details

Version: 2.2.4.1
Check: installed package size
Result: NOTE
     installed size is 5.9Mb
     sub-directories of 1Mb or more:
     doc 4.4Mb
Flavors: r-devel-linux-x86_64-fedora-clang, r-devel-windows-ix86+x86_64, r-patched-solaris-x86, r-release-windows-ix86+x86_64, r-release-osx-x86_64, r-oldrel-windows-ix86+x86_64, r-oldrel-osx-x86_64