CRAN Package Check Results for Package kdetrees

Last updated on 2019-09-22 19:51:22 CEST.

Flavor Version Tinstall Tcheck Ttotal Status Flags
r-devel-linux-x86_64-debian-clang 0.1.5 3.59 53.37 56.96 NOTE
r-devel-linux-x86_64-debian-gcc 0.1.5 3.14 41.46 44.60 NOTE
r-devel-linux-x86_64-fedora-clang 0.1.5 70.72 NOTE
r-devel-linux-x86_64-fedora-gcc 0.1.5 68.47 NOTE
r-devel-windows-ix86+x86_64 0.1.5 24.00 76.00 100.00 NOTE
r-patched-linux-x86_64 0.1.5 3.70 50.99 54.69 NOTE
r-patched-solaris-x86 0.1.5 109.30 NOTE
r-release-linux-x86_64 0.1.5 3.42 51.52 54.94 NOTE
r-release-windows-ix86+x86_64 0.1.5 22.00 106.00 128.00 NOTE
r-release-osx-x86_64 0.1.5 NOTE
r-oldrel-windows-ix86+x86_64 0.1.5 8.00 72.00 80.00 NOTE
r-oldrel-osx-x86_64 0.1.5 NOTE

Check Details

Version: 0.1.5
Check: R code for possible problems
Result: NOTE
    as.matrix.multiPhylo : tip2tip: no visible global function definition
     for 'cophenetic'
    bw.nn : <anonymous>: no visible global function definition for
     'quantile'
    dist.diss: no visible binding for global variable 'median'
    dist.diss: no visible global function definition for 'dist'
    hist.kdetrees: no visible binding for global variable 'density'
    kdetrees : cutoff: no visible global function definition for 'quantile'
    kdetrees.complete: no visible global function definition for 'plot'
    kdetrees.complete: no visible global function definition for 'hist'
    kdetrees.complete: no visible global function definition for
     'write.csv'
    plot.kdetrees: no visible binding for global variable 'density'
    Undefined global functions or variables:
     cophenetic density dist hist median plot quantile write.csv
    Consider adding
     importFrom("graphics", "hist", "plot")
     importFrom("stats", "cophenetic", "density", "dist", "median",
     "quantile")
     importFrom("utils", "write.csv")
    to your NAMESPACE file.
Flavors: r-devel-linux-x86_64-debian-clang, r-devel-linux-x86_64-debian-gcc, r-devel-linux-x86_64-fedora-clang, r-devel-linux-x86_64-fedora-gcc, r-devel-windows-ix86+x86_64, r-patched-linux-x86_64, r-patched-solaris-x86, r-release-linux-x86_64, r-release-windows-ix86+x86_64, r-release-osx-x86_64, r-oldrel-windows-ix86+x86_64, r-oldrel-osx-x86_64