CRAN Package Check Results for Package jmv

Last updated on 2019-06-20 07:47:46 CEST.

Flavor Version Tinstall Tcheck Ttotal Status Flags
r-devel-linux-x86_64-debian-clang 0.9.6.1 68.13 89.63 157.76 NOTE
r-devel-linux-x86_64-debian-gcc 0.9.6.1 62.72 69.24 131.96 NOTE
r-devel-linux-x86_64-fedora-clang 0.9.6.1 205.89 NOTE
r-devel-linux-x86_64-fedora-gcc 0.9.6.1 190.35 NOTE
r-devel-windows-ix86+x86_64 0.9.6.1 116.00 152.00 268.00 NOTE
r-patched-linux-x86_64 0.9.6.1 66.55 89.93 156.48 NOTE
r-patched-solaris-x86 0.9.6.1 263.30 NOTE
r-release-linux-x86_64 0.9.6.1 68.44 88.52 156.96 NOTE
r-release-windows-ix86+x86_64 0.9.6.1 121.00 157.00 278.00 NOTE
r-release-osx-x86_64 0.9.6.1 NOTE
r-oldrel-windows-ix86+x86_64 0.9.6.1 82.00 147.00 229.00 NOTE
r-oldrel-osx-x86_64 0.9.6.1 NOTE

Check Details

Version: 0.9.6.1
Check: dependencies in R code
Result: NOTE
    ':::' calls which should be '::':
     'jmvcore:::decomposeFormula' 'jmvcore:::enquo'
     'jmvcore:::marshalData' 'jmvcore:::marshalFormula'
     'jmvcore:::resolveQuo'
     See the note in ?`:::` about the use of this operator.
Flavors: r-devel-linux-x86_64-debian-clang, r-devel-linux-x86_64-debian-gcc, r-devel-windows-ix86+x86_64, r-patched-linux-x86_64, r-release-linux-x86_64, r-release-windows-ix86+x86_64, r-oldrel-windows-ix86+x86_64

Version: 0.9.6.1
Check: dependencies in R code
Result: NOTE
    Namespaces in Imports field not imported from:
     ‘BayesFactor’ ‘GGally’ ‘GPArotation’ ‘MASS’ ‘PMCMR’ ‘R6’ ‘ROCR’
     ‘afex’ ‘car’ ‘emmeans’ ‘ggridges’ ‘lavaan’ ‘multcomp’ ‘mvnormtest’
     ‘nnet’ ‘psych’ ‘vcd’ ‘vcdExtra’
     All declared Imports should be used.
    ':::' calls which should be '::':
     ‘jmvcore:::decomposeFormula’ ‘jmvcore:::enquo’
     ‘jmvcore:::marshalData’ ‘jmvcore:::marshalFormula’
     ‘jmvcore:::resolveQuo’
     See the note in ?`:::` about the use of this operator.
Flavors: r-devel-linux-x86_64-fedora-clang, r-devel-linux-x86_64-fedora-gcc, r-patched-solaris-x86, r-release-osx-x86_64, r-oldrel-osx-x86_64