CRAN Package Check Results for Package jmv

Last updated on 2019-09-22 07:48:18 CEST.

Flavor Version Tinstall Tcheck Ttotal Status Flags
r-devel-linux-x86_64-debian-clang 0.9.6.1 75.46 87.37 162.83 NOTE
r-devel-linux-x86_64-debian-gcc 0.9.6.1 66.80 68.88 135.68 NOTE
r-devel-linux-x86_64-fedora-clang 0.9.6.1 207.44 NOTE
r-devel-linux-x86_64-fedora-gcc 0.9.6.1 202.46 NOTE
r-devel-windows-ix86+x86_64 0.9.6.1 128.00 146.00 274.00 NOTE
r-patched-linux-x86_64 0.9.6.1 64.17 85.15 149.32 NOTE
r-patched-solaris-x86 0.9.6.1 268.00 NOTE
r-release-linux-x86_64 0.9.6.1 69.41 86.36 155.77 NOTE
r-release-windows-ix86+x86_64 0.9.6.1 74.00 111.00 185.00 NOTE
r-release-osx-x86_64 0.9.6.1 NOTE
r-oldrel-windows-ix86+x86_64 0.9.6.1 82.00 93.00 175.00 NOTE
r-oldrel-osx-x86_64 0.9.6.1 NOTE

Check Details

Version: 0.9.6.1
Check: dependencies in R code
Result: NOTE
    ':::' calls which should be '::':
     'jmvcore:::decomposeFormula' 'jmvcore:::enquo'
     'jmvcore:::marshalData' 'jmvcore:::marshalFormula'
     'jmvcore:::resolveQuo'
     See the note in ?`:::` about the use of this operator.
Flavors: r-devel-linux-x86_64-debian-clang, r-devel-linux-x86_64-debian-gcc, r-devel-windows-ix86+x86_64, r-patched-linux-x86_64, r-release-linux-x86_64, r-release-windows-ix86+x86_64, r-oldrel-windows-ix86+x86_64

Version: 0.9.6.1
Check: dependencies in R code
Result: NOTE
    Namespaces in Imports field not imported from:
     ‘BayesFactor’ ‘GGally’ ‘GPArotation’ ‘MASS’ ‘PMCMR’ ‘R6’ ‘ROCR’
     ‘afex’ ‘car’ ‘emmeans’ ‘ggridges’ ‘lavaan’ ‘multcomp’ ‘mvnormtest’
     ‘nnet’ ‘psych’ ‘vcd’ ‘vcdExtra’
     All declared Imports should be used.
    ':::' calls which should be '::':
     ‘jmvcore:::decomposeFormula’ ‘jmvcore:::enquo’
     ‘jmvcore:::marshalData’ ‘jmvcore:::marshalFormula’
     ‘jmvcore:::resolveQuo’
     See the note in ?`:::` about the use of this operator.
Flavors: r-devel-linux-x86_64-fedora-clang, r-devel-linux-x86_64-fedora-gcc, r-patched-solaris-x86, r-release-osx-x86_64, r-oldrel-osx-x86_64