CRAN Package Check Results for Package inca

Last updated on 2019-08-24 19:47:13 CEST.

Flavor Version Tinstall Tcheck Ttotal Status Flags
r-devel-linux-x86_64-debian-clang 0.0.3 43.16 52.15 95.31 WARN
r-devel-linux-x86_64-debian-gcc 0.0.3 31.64 42.74 74.38 WARN
r-devel-linux-x86_64-fedora-clang 0.0.3 128.13 WARN
r-devel-linux-x86_64-fedora-gcc 0.0.3 118.19 WARN
r-devel-windows-ix86+x86_64 0.0.3 60.00 118.00 178.00 WARN
r-patched-linux-x86_64 0.0.3 34.34 52.17 86.51 OK
r-patched-solaris-x86 0.0.3 145.70 OK
r-release-linux-x86_64 0.0.3 31.11 51.56 82.67 OK
r-release-windows-ix86+x86_64 0.0.3 82.00 125.00 207.00 OK
r-release-osx-x86_64 0.0.3 OK
r-oldrel-windows-ix86+x86_64 0.0.3 77.00 121.00 198.00 OK
r-oldrel-osx-x86_64 0.0.3 OK

Check Details

Version: 0.0.3
Check: whether package can be installed
Result: WARN
    Found the following significant warnings:
     ./Losses/L1.h:29:19: warning: 'stable_sort_index<arma::eOp<arma::Col<double>, arma::eop_abs> >' is deprecated [-Wdeprecated-declarations]
     ./Losses/aL1.h:27:19: warning: 'stable_sort_index<arma::eOp<arma::Col<double>, arma::eop_abs> >' is deprecated [-Wdeprecated-declarations]
     ./Losses/rL1.h:26:19: warning: 'stable_sort_index<arma::eOp<arma::Col<double>, arma::eop_abs> >' is deprecated [-Wdeprecated-declarations]
     ./Losses/LB1.h:40:19: warning: 'stable_sort_index<arma::eOp<arma::Col<double>, arma::eop_abs> >' is deprecated [-Wdeprecated-declarations]
     ./Losses/rB1.h:53:19: warning: 'stable_sort_index<arma::eOp<arma::Col<double>, arma::eop_abs> >' is deprecated [-Wdeprecated-declarations]
     ./intCalib.h:246:15: warning: 'stable_sort_index<arma::eOp<arma::Col<double>, arma::eop_abs> >' is deprecated [-Wdeprecated-declarations]
     ./intCalib.h:409:28: warning: 'stable_sort_index<arma::eOp<arma::Col<double>, arma::eop_abs> >' is deprecated [-Wdeprecated-declarations]
     ./bestRound.h:112:11: warning: 'stable_sort_index<arma::eOp<arma::Col<double>, arma::eop_abs> >' is deprecated [-Wdeprecated-declarations]
     ./bestRound.h:248:19: warning: 'stable_sort_index<arma::eOp<arma::Col<double>, arma::eop_abs> >' is deprecated [-Wdeprecated-declarations]
Flavors: r-devel-linux-x86_64-debian-clang, r-devel-linux-x86_64-fedora-clang

Version: 0.0.3
Check: whether package can be installed
Result: WARN
    Found the following significant warnings:
     Losses/L1.h:29:49: warning: ‘const arma::mtOp<unsigned int, T1, arma::op_stable_sort_index> arma::stable_sort_index(const arma::Base<typename T1::elem_type, T1>&, arma::uword) [with T1 = arma::eOp<arma::Col<double>, arma::eop_abs>; typename T1::elem_type = double; arma::uword = unsigned int]’ is deprecated [-Wdeprecated-declarations]
     Losses/aL1.h:27:49: warning: ‘const arma::mtOp<unsigned int, T1, arma::op_stable_sort_index> arma::stable_sort_index(const arma::Base<typename T1::elem_type, T1>&, arma::uword) [with T1 = arma::eOp<arma::Col<double>, arma::eop_abs>; typename T1::elem_type = double; arma::uword = unsigned int]’ is deprecated [-Wdeprecated-declarations]
     Losses/rL1.h:26:49: warning: ‘const arma::mtOp<unsigned int, T1, arma::op_stable_sort_index> arma::stable_sort_index(const arma::Base<typename T1::elem_type, T1>&, arma::uword) [with T1 = arma::eOp<arma::Col<double>, arma::eop_abs>; typename T1::elem_type = double; arma::uword = unsigned int]’ is deprecated [-Wdeprecated-declarations]
     Losses/LB1.h:40:49: warning: ‘const arma::mtOp<unsigned int, T1, arma::op_stable_sort_index> arma::stable_sort_index(const arma::Base<typename T1::elem_type, T1>&, arma::uword) [with T1 = arma::eOp<arma::Col<double>, arma::eop_abs>; typename T1::elem_type = double; arma::uword = unsigned int]’ is deprecated [-Wdeprecated-declarations]
     Losses/rB1.h:53:49: warning: ‘const arma::mtOp<unsigned int, T1, arma::op_stable_sort_index> arma::stable_sort_index(const arma::Base<typename T1::elem_type, T1>&, arma::uword) [with T1 = arma::eOp<arma::Col<double>, arma::eop_abs>; typename T1::elem_type = double; arma::uword = unsigned int]’ is deprecated [-Wdeprecated-declarations]
     intCalib.h:246:45: warning: ‘const arma::mtOp<unsigned int, T1, arma::op_stable_sort_index> arma::stable_sort_index(const arma::Base<typename T1::elem_type, T1>&, arma::uword) [with T1 = arma::eOp<arma::Col<double>, arma::eop_abs>; typename T1::elem_type = double; arma::uword = unsigned int]’ is deprecated [-Wdeprecated-declarations]
     intCalib.h:409:58: warning: ‘const arma::mtOp<unsigned int, T1, arma::op_stable_sort_index> arma::stable_sort_index(const arma::Base<typename T1::elem_type, T1>&, arma::uword) [with T1 = arma::eOp<arma::Col<double>, arma::eop_abs>; typename T1::elem_type = double; arma::uword = unsigned int]’ is deprecated [-Wdeprecated-declarations]
     bestRound.h:112:41: warning: ‘const arma::mtOp<unsigned int, T1, arma::op_stable_sort_index> arma::stable_sort_index(const arma::Base<typename T1::elem_type, T1>&, arma::uword) [with T1 = arma::eOp<arma::Col<double>, arma::eop_abs>; typename T1::elem_type = double; arma::uword = unsigned int]’ is deprecated [-Wdeprecated-declarations]
     bestRound.h:248:49: warning: ‘const arma::mtOp<unsigned int, T1, arma::op_stable_sort_index> arma::stable_sort_index(const arma::Base<typename T1::elem_type, T1>&, arma::uword) [with T1 = arma::eOp<arma::Col<double>, arma::eop_abs>; typename T1::elem_type = double; arma::uword = unsigned int]’ is deprecated [-Wdeprecated-declarations]
     bestRound.h:112:28: warning: ‘const arma::mtOp<unsigned int, T1, arma::op_stable_sort_index> arma::stable_sort_index(const arma::Base<typename T1::elem_type, T1>&, arma::uword) [with T1 = arma::eOp<arma::Col<double>, arma::eop_abs>; typename T1::elem_type = double; arma::uword = unsigned int]’ is deprecated [-Wdeprecated-declarations]
     bestRound.h:248:36: warning: ‘const arma::mtOp<unsigned int, T1, arma::op_stable_sort_index> arma::stable_sort_index(const arma::Base<typename T1::elem_type, T1>&, arma::uword) [with T1 = arma::eOp<arma::Col<double>, arma::eop_abs>; typename T1::elem_type = double; arma::uword = unsigned int]’ is deprecated [-Wdeprecated-declarations]
     intCalib.h:246:32: warning: ‘const arma::mtOp<unsigned int, T1, arma::op_stable_sort_index> arma::stable_sort_index(const arma::Base<typename T1::elem_type, T1>&, arma::uword) [with T1 = arma::eOp<arma::Col<double>, arma::eop_abs>; typename T1::elem_type = double; arma::uword = unsigned int]’ is deprecated [-Wdeprecated-declarations]
     intCalib.h:409:45: warning: ‘const arma::mtOp<unsigned int, T1, arma::op_stable_sort_index> arma::stable_sort_index(const arma::Base<typename T1::elem_type, T1>&, arma::uword) [with T1 = arma::eOp<arma::Col<double>, arma::eop_abs>; typename T1::elem_type = double; arma::uword = unsigned int]’ is deprecated [-Wdeprecated-declarations]
     Losses/L1.h:29:36: warning: ‘const arma::mtOp<unsigned int, T1, arma::op_stable_sort_index> arma::stable_sort_index(const arma::Base<typename T1::elem_type, T1>&, arma::uword) [with T1 = arma::eOp<arma::Col<double>, arma::eop_abs>; typename T1::elem_type = double; arma::uword = unsigned int]’ is deprecated [-Wdeprecated-declarations]
     Losses/aL1.h:27:36: warning: ‘const arma::mtOp<unsigned int, T1, arma::op_stable_sort_index> arma::stable_sort_index(const arma::Base<typename T1::elem_type, T1>&, arma::uword) [with T1 = arma::eOp<arma::Col<double>, arma::eop_abs>; typename T1::elem_type = double; arma::uword = unsigned int]’ is deprecated [-Wdeprecated-declarations]
     Losses/rL1.h:26:36: warning: ‘const arma::mtOp<unsigned int, T1, arma::op_stable_sort_index> arma::stable_sort_index(const arma::Base<typename T1::elem_type, T1>&, arma::uword) [with T1 = arma::eOp<arma::Col<double>, arma::eop_abs>; typename T1::elem_type = double; arma::uword = unsigned int]’ is deprecated [-Wdeprecated-declarations]
     Losses/LB1.h:40:36: warning: ‘const arma::mtOp<unsigned int, T1, arma::op_stable_sort_index> arma::stable_sort_index(const arma::Base<typename T1::elem_type, T1>&, arma::uword) [with T1 = arma::eOp<arma::Col<double>, arma::eop_abs>; typename T1::elem_type = double; arma::uword = unsigned int]’ is deprecated [-Wdeprecated-declarations]
     Losses/rB1.h:53:36: warning: ‘const arma::mtOp<unsigned int, T1, arma::op_stable_sort_index> arma::stable_sort_index(const arma::Base<typename T1::elem_type, T1>&, arma::uword) [with T1 = arma::eOp<arma::Col<double>, arma::eop_abs>; typename T1::elem_type = double; arma::uword = unsigned int]’ is deprecated [-Wdeprecated-declarations]
Flavors: r-devel-linux-x86_64-debian-gcc, r-devel-linux-x86_64-fedora-gcc

Version: 0.0.3
Check: whether package can be installed
Result: WARN
    Found the following significant warnings:
     bestRound.h:112:41: warning: 'const arma::mtOp<unsigned int, T1, arma::op_stable_sort_index> arma::stable_sort_index(const arma::Base<typename T1::elem_type, T1>&, arma::uword) [with T1 = arma::eOp<arma::Col<double>, arma::eop_abs>; typename T1::elem_type = double; arma::uword = unsigned int]' is deprecated (declared at d:/RCompile/CRANpkg/lib/3.7/RcppArmadillo/include/armadillo_bits/fn_sort_index.hpp:111) [-Wdeprecated-declarations]
     bestRound.h:248:49: warning: 'const arma::mtOp<unsigned int, T1, arma::op_stable_sort_index> arma::stable_sort_index(const arma::Base<typename T1::elem_type, T1>&, arma::uword) [with T1 = arma::eOp<arma::Col<double>, arma::eop_abs>; typename T1::elem_type = double; arma::uword = unsigned int]' is deprecated (declared at d:/RCompile/CRANpkg/lib/3.7/RcppArmadillo/include/armadillo_bits/fn_sort_index.hpp:111) [-Wdeprecated-declarations]
     intCalib.h:246:45: warning: 'const arma::mtOp<unsigned int, T1, arma::op_stable_sort_index> arma::stable_sort_index(const arma::Base<typename T1::elem_type, T1>&, arma::uword) [with T1 = arma::eOp<arma::Col<double>, arma::eop_abs>; typename T1::elem_type = double; arma::uword = unsigned int]' is deprecated (declared at d:/RCompile/CRANpkg/lib/3.7/RcppArmadillo/include/armadillo_bits/fn_sort_index.hpp:111) [-Wdeprecated-declarations]
     intCalib.h:409:58: warning: 'const arma::mtOp<unsigned int, T1, arma::op_stable_sort_index> arma::stable_sort_index(const arma::Base<typename T1::elem_type, T1>&, arma::uword) [with T1 = arma::eOp<arma::Col<double>, arma::eop_abs>; typename T1::elem_type = double; arma::uword = unsigned int]' is deprecated (declared at d:/RCompile/CRANpkg/lib/3.7/RcppArmadillo/include/armadillo_bits/fn_sort_index.hpp:111) [-Wdeprecated-declarations]
     Losses/L1.h:29:49: warning: 'const arma::mtOp<unsigned int, T1, arma::op_stable_sort_index> arma::stable_sort_index(const arma::Base<typename T1::elem_type, T1>&, arma::uword) [with T1 = arma::eOp<arma::Col<double>, arma::eop_abs>; typename T1::elem_type = double; arma::uword = unsigned int]' is deprecated (declared at d:/RCompile/CRANpkg/lib/3.7/RcppArmadillo/include/armadillo_bits/fn_sort_index.hpp:111) [-Wdeprecated-declarations]
     Losses/aL1.h:27:49: warning: 'const arma::mtOp<unsigned int, T1, arma::op_stable_sort_index> arma::stable_sort_index(const arma::Base<typename T1::elem_type, T1>&, arma::uword) [with T1 = arma::eOp<arma::Col<double>, arma::eop_abs>; typename T1::elem_type = double; arma::uword = unsigned int]' is deprecated (declared at d:/RCompile/CRANpkg/lib/3.7/RcppArmadillo/include/armadillo_bits/fn_sort_index.hpp:111) [-Wdeprecated-declarations]
     Losses/rL1.h:26:49: warning: 'const arma::mtOp<unsigned int, T1, arma::op_stable_sort_index> arma::stable_sort_index(const arma::Base<typename T1::elem_type, T1>&, arma::uword) [with T1 = arma::eOp<arma::Col<double>, arma::eop_abs>; typename T1::elem_type = double; arma::uword = unsigned int]' is deprecated (declared at d:/RCompile/CRANpkg/lib/3.7/RcppArmadillo/include/armadillo_bits/fn_sort_index.hpp:111) [-Wdeprecated-declarations]
     Losses/LB1.h:40:49: warning: 'const arma::mtOp<unsigned int, T1, arma::op_stable_sort_index> arma::stable_sort_index(const arma::Base<typename T1::elem_type, T1>&, arma::uword) [with T1 = arma::eOp<arma::Col<double>, arma::eop_abs>; typename T1::elem_type = double; arma::uword = unsigned int]' is deprecated (declared at d:/RCompile/CRANpkg/lib/3.7/RcppArmadillo/include/armadillo_bits/fn_sort_index.hpp:111) [-Wdeprecated-declarations]
     Losses/rB1.h:53:49: warning: 'const arma::mtOp<unsigned int, T1, arma::op_stable_sort_index> arma::stable_sort_index(const arma::Base<typename T1::elem_type, T1>&, arma::uword) [with T1 = arma::eOp<arma::Col<double>, arma::eop_abs>; typename T1::elem_type = double; arma::uword = unsigned int]' is deprecated (declared at d:/RCompile/CRANpkg/lib/3.7/RcppArmadillo/include/armadillo_bits/fn_sort_index.hpp:111) [-Wdeprecated-declarations]
Flavor: r-devel-windows-ix86+x86_64