CRAN Package Check Results for Package iRF

Last updated on 2019-06-16 19:52:17 CEST.

Flavor Version Tinstall Tcheck Ttotal Status Flags
r-devel-linux-x86_64-debian-clang 2.0.0 36.93 81.03 117.96 OK
r-devel-linux-x86_64-debian-gcc 2.0.0 27.88 62.53 90.41 OK
r-devel-linux-x86_64-fedora-clang 2.0.0 146.75 OK
r-devel-linux-x86_64-fedora-gcc 2.0.0 137.88 OK
r-devel-windows-ix86+x86_64 2.0.0 111.00 143.00 254.00 ERROR
r-patched-linux-x86_64 2.0.0 32.30 79.10 111.40 OK
r-patched-solaris-x86 2.0.0 186.70 OK
r-release-linux-x86_64 2.0.0 35.68 78.48 114.16 OK
r-release-windows-ix86+x86_64 2.0.0 76.00 164.00 240.00 ERROR
r-release-osx-x86_64 2.0.0 FAIL
r-oldrel-windows-ix86+x86_64 2.0.0 67.00 166.00 233.00 OK
r-oldrel-osx-x86_64 2.0.0 OK

Check Details

Version: 2.0.0
Check: running examples for arch ‘i386’
Result: ERROR
    Running examples in 'iRF-Ex.R' failed
    The error most likely occurred in:
    
    > ### Name: readForest
    > ### Title: Pass data through a fitted forest, record node characteristics
    > ### [works for binary classification with continuous variables]
    > ### Aliases: readForest
    >
    > ### ** Examples
    >
    > n = 50; p = 10
    > X = array(rnorm(n*p), c(n, p))
    > Y = (X[,1]>0.35 & X[,2]>0.35)|(X[,5]>0.35 & X[,7]>0.35)
    > Y = as.factor(as.numeric(Y>0))
    >
    > train.id = 1:(n/2)
    > test.id = setdiff(1:n, train.id)
    >
    > rf <- randomForest(x=X, y=Y, keep.forest=TRUE, track.nodes=TRUE,
    + ntree=100)
    > rforest <- readForest(rfobj=rf, x=X, n.core=2)
    > head(rforest$tree_info)
    NULL
    >
    > # count number of leaf nodes with at least 5 observations
    > sum(rforest$tree.info$size.node > 5)
    [1] 293
    >
    >
    >
    >
    > cleanEx()
    Error: connections left open:
     <-CRANwin.fb05.statistik.uni-dortmund.de:11798 (sockconn)
     <-CRANwin.fb05.statistik.uni-dortmund.de:11798 (sockconn)
    Execution halted
Flavor: r-devel-windows-ix86+x86_64

Version: 2.0.0
Check: running examples for arch ‘x64’
Result: ERROR
    Running examples in 'iRF-Ex.R' failed
    The error most likely occurred in:
    
    > ### Name: readForest
    > ### Title: Pass data through a fitted forest, record node characteristics
    > ### [works for binary classification with continuous variables]
    > ### Aliases: readForest
    >
    > ### ** Examples
    >
    > n = 50; p = 10
    > X = array(rnorm(n*p), c(n, p))
    > Y = (X[,1]>0.35 & X[,2]>0.35)|(X[,5]>0.35 & X[,7]>0.35)
    > Y = as.factor(as.numeric(Y>0))
    >
    > train.id = 1:(n/2)
    > test.id = setdiff(1:n, train.id)
    >
    > rf <- randomForest(x=X, y=Y, keep.forest=TRUE, track.nodes=TRUE,
    + ntree=100)
    > rforest <- readForest(rfobj=rf, x=X, n.core=2)
    > head(rforest$tree_info)
    NULL
    >
    > # count number of leaf nodes with at least 5 observations
    > sum(rforest$tree.info$size.node > 5)
    [1] 284
    >
    >
    >
    >
    > cleanEx()
    Error: connections left open:
     <-CRANwin.fb05.statistik.uni-dortmund.de:11102 (sockconn)
     <-CRANwin.fb05.statistik.uni-dortmund.de:11102 (sockconn)
    Execution halted
Flavor: r-devel-windows-ix86+x86_64

Version: 2.0.0
Check: running examples for arch ‘i386’
Result: ERROR
    Running examples in 'iRF-Ex.R' failed
    The error most likely occurred in:
    
    > ### Name: readForest
    > ### Title: Pass data through a fitted forest, record node characteristics
    > ### [works for binary classification with continuous variables]
    > ### Aliases: readForest
    >
    > ### ** Examples
    >
    > n = 50; p = 10
    > X = array(rnorm(n*p), c(n, p))
    > Y = (X[,1]>0.35 & X[,2]>0.35)|(X[,5]>0.35 & X[,7]>0.35)
    > Y = as.factor(as.numeric(Y>0))
    >
    > train.id = 1:(n/2)
    > test.id = setdiff(1:n, train.id)
    >
    > rf <- randomForest(x=X, y=Y, keep.forest=TRUE, track.nodes=TRUE,
    + ntree=100)
    > rforest <- readForest(rfobj=rf, x=X, n.core=2)
    > head(rforest$tree_info)
    NULL
    >
    > # count number of leaf nodes with at least 5 observations
    > sum(rforest$tree.info$size.node > 5)
    [1] 293
    >
    >
    >
    >
    > cleanEx()
    Error: connections left open:
     <-CRANwin.fb05.statistik.uni-dortmund.de:11827 (sockconn)
     <-CRANwin.fb05.statistik.uni-dortmund.de:11827 (sockconn)
    Execution halted
Flavor: r-release-windows-ix86+x86_64

Version: 2.0.0
Check: running examples for arch ‘x64’
Result: ERROR
    Running examples in 'iRF-Ex.R' failed
    The error most likely occurred in:
    
    > ### Name: readForest
    > ### Title: Pass data through a fitted forest, record node characteristics
    > ### [works for binary classification with continuous variables]
    > ### Aliases: readForest
    >
    > ### ** Examples
    >
    > n = 50; p = 10
    > X = array(rnorm(n*p), c(n, p))
    > Y = (X[,1]>0.35 & X[,2]>0.35)|(X[,5]>0.35 & X[,7]>0.35)
    > Y = as.factor(as.numeric(Y>0))
    >
    > train.id = 1:(n/2)
    > test.id = setdiff(1:n, train.id)
    >
    > rf <- randomForest(x=X, y=Y, keep.forest=TRUE, track.nodes=TRUE,
    + ntree=100)
    > rforest <- readForest(rfobj=rf, x=X, n.core=2)
    > head(rforest$tree_info)
    NULL
    >
    > # count number of leaf nodes with at least 5 observations
    > sum(rforest$tree.info$size.node > 5)
    [1] 284
    >
    >
    >
    >
    > cleanEx()
    Error: connections left open:
     <-CRANwin.fb05.statistik.uni-dortmund.de:11297 (sockconn)
     <-CRANwin.fb05.statistik.uni-dortmund.de:11297 (sockconn)
    Execution halted
Flavor: r-release-windows-ix86+x86_64

Version: 2.0.0
Check: whether package can be installed
Result: FAIL
    
Flavor: r-release-osx-x86_64