CRAN Package Check Results for Package iRF

Last updated on 2019-08-24 19:47:13 CEST.

Flavor Version Tinstall Tcheck Ttotal Status Flags
r-devel-linux-x86_64-debian-clang 2.0.0 34.81 80.74 115.55 OK
r-devel-linux-x86_64-debian-gcc 2.0.0 27.23 62.26 89.49 OK
r-devel-linux-x86_64-fedora-clang 2.0.0 156.14 WARN
r-devel-linux-x86_64-fedora-gcc 2.0.0 143.85 OK
r-devel-windows-ix86+x86_64 2.0.0 90.00 184.00 274.00 ERROR
r-patched-linux-x86_64 2.0.0 29.83 78.59 108.42 OK
r-patched-solaris-x86 2.0.0 188.70 OK
r-release-linux-x86_64 2.0.0 30.76 78.25 109.01 OK
r-release-windows-ix86+x86_64 2.0.0 114.00 203.00 317.00 ERROR
r-release-osx-x86_64 2.0.0 FAIL
r-oldrel-windows-ix86+x86_64 2.0.0 111.00 172.00 283.00 OK
r-oldrel-osx-x86_64 2.0.0 OK

Check Details

Version: 2.0.0
Check: whether package can be installed
Result: WARN
    Found the following significant warnings:
     rf.c:492:17: warning: expression result unused [-Wunused-value]
Flavor: r-devel-linux-x86_64-fedora-clang

Version: 2.0.0
Check: running examples for arch ‘i386’
Result: ERROR
    Running examples in 'iRF-Ex.R' failed
    The error most likely occurred in:
    
    > ### Name: readForest
    > ### Title: Pass data through a fitted forest, record node characteristics
    > ### [works for binary classification with continuous variables]
    > ### Aliases: readForest
    >
    > ### ** Examples
    >
    > n = 50; p = 10
    > X = array(rnorm(n*p), c(n, p))
    > Y = (X[,1]>0.35 & X[,2]>0.35)|(X[,5]>0.35 & X[,7]>0.35)
    > Y = as.factor(as.numeric(Y>0))
    >
    > train.id = 1:(n/2)
    > test.id = setdiff(1:n, train.id)
    >
    > rf <- randomForest(x=X, y=Y, keep.forest=TRUE, track.nodes=TRUE,
    + ntree=100)
    > rforest <- readForest(rfobj=rf, x=X, n.core=2)
    > head(rforest$tree_info)
    NULL
    >
    > # count number of leaf nodes with at least 5 observations
    > sum(rforest$tree.info$size.node > 5)
    [1] 293
    >
    >
    >
    >
    > cleanEx()
    Error: connections left open:
     <-CRANwin.fb05.statistik.uni-dortmund.de:11696 (sockconn)
     <-CRANwin.fb05.statistik.uni-dortmund.de:11696 (sockconn)
    Execution halted
Flavor: r-devel-windows-ix86+x86_64

Version: 2.0.0
Check: running examples for arch ‘x64’
Result: ERROR
    Running examples in 'iRF-Ex.R' failed
    The error most likely occurred in:
    
    > ### Name: readForest
    > ### Title: Pass data through a fitted forest, record node characteristics
    > ### [works for binary classification with continuous variables]
    > ### Aliases: readForest
    >
    > ### ** Examples
    >
    > n = 50; p = 10
    > X = array(rnorm(n*p), c(n, p))
    > Y = (X[,1]>0.35 & X[,2]>0.35)|(X[,5]>0.35 & X[,7]>0.35)
    > Y = as.factor(as.numeric(Y>0))
    >
    > train.id = 1:(n/2)
    > test.id = setdiff(1:n, train.id)
    >
    > rf <- randomForest(x=X, y=Y, keep.forest=TRUE, track.nodes=TRUE,
    + ntree=100)
    > rforest <- readForest(rfobj=rf, x=X, n.core=2)
    > head(rforest$tree_info)
    NULL
    >
    > # count number of leaf nodes with at least 5 observations
    > sum(rforest$tree.info$size.node > 5)
    [1] 284
    >
    >
    >
    >
    > cleanEx()
    Error: connections left open:
     <-CRANwin.fb05.statistik.uni-dortmund.de:11165 (sockconn)
     <-CRANwin.fb05.statistik.uni-dortmund.de:11165 (sockconn)
    Execution halted
Flavor: r-devel-windows-ix86+x86_64

Version: 2.0.0
Check: running examples for arch ‘i386’
Result: ERROR
    Running examples in 'iRF-Ex.R' failed
    The error most likely occurred in:
    
    > ### Name: readForest
    > ### Title: Pass data through a fitted forest, record node characteristics
    > ### [works for binary classification with continuous variables]
    > ### Aliases: readForest
    >
    > ### ** Examples
    >
    > n = 50; p = 10
    > X = array(rnorm(n*p), c(n, p))
    > Y = (X[,1]>0.35 & X[,2]>0.35)|(X[,5]>0.35 & X[,7]>0.35)
    > Y = as.factor(as.numeric(Y>0))
    >
    > train.id = 1:(n/2)
    > test.id = setdiff(1:n, train.id)
    >
    > rf <- randomForest(x=X, y=Y, keep.forest=TRUE, track.nodes=TRUE,
    + ntree=100)
    > rforest <- readForest(rfobj=rf, x=X, n.core=2)
    > head(rforest$tree_info)
    NULL
    >
    > # count number of leaf nodes with at least 5 observations
    > sum(rforest$tree.info$size.node > 5)
    [1] 293
    >
    >
    >
    >
    > cleanEx()
    Error: connections left open:
     <-CRANwin.fb05.statistik.uni-dortmund.de:11873 (sockconn)
     <-CRANwin.fb05.statistik.uni-dortmund.de:11873 (sockconn)
    Execution halted
Flavor: r-release-windows-ix86+x86_64

Version: 2.0.0
Check: running examples for arch ‘x64’
Result: ERROR
    Running examples in 'iRF-Ex.R' failed
    The error most likely occurred in:
    
    > ### Name: readForest
    > ### Title: Pass data through a fitted forest, record node characteristics
    > ### [works for binary classification with continuous variables]
    > ### Aliases: readForest
    >
    > ### ** Examples
    >
    > n = 50; p = 10
    > X = array(rnorm(n*p), c(n, p))
    > Y = (X[,1]>0.35 & X[,2]>0.35)|(X[,5]>0.35 & X[,7]>0.35)
    > Y = as.factor(as.numeric(Y>0))
    >
    > train.id = 1:(n/2)
    > test.id = setdiff(1:n, train.id)
    >
    > rf <- randomForest(x=X, y=Y, keep.forest=TRUE, track.nodes=TRUE,
    + ntree=100)
    > rforest <- readForest(rfobj=rf, x=X, n.core=2)
    > head(rforest$tree_info)
    NULL
    >
    > # count number of leaf nodes with at least 5 observations
    > sum(rforest$tree.info$size.node > 5)
    [1] 284
    >
    >
    >
    >
    > cleanEx()
    Error: connections left open:
     <-CRANwin.fb05.statistik.uni-dortmund.de:11008 (sockconn)
     <-CRANwin.fb05.statistik.uni-dortmund.de:11008 (sockconn)
    Execution halted
Flavor: r-release-windows-ix86+x86_64

Version: 2.0.0
Check: whether package can be installed
Result: FAIL
    
Flavor: r-release-osx-x86_64