CRAN Package Check Results for Package hydroscoper

Last updated on 2019-06-20 05:48:28 CEST.

Flavor Version Tinstall Tcheck Ttotal Status Flags
r-devel-linux-x86_64-debian-clang 1.2 2.41 35.99 38.40 OK
r-devel-linux-x86_64-debian-gcc 1.2 1.94 28.57 30.51 OK
r-devel-linux-x86_64-fedora-clang 1.2 43.23 NOTE
r-devel-linux-x86_64-fedora-gcc 1.2 41.43 NOTE
r-devel-windows-ix86+x86_64 1.2 7.00 74.00 81.00 OK
r-patched-linux-x86_64 1.2 2.46 34.99 37.45 OK
r-patched-solaris-x86 1.2 69.00 NOTE
r-release-linux-x86_64 1.2 2.51 35.42 37.93 OK
r-release-windows-ix86+x86_64 1.2 9.00 77.00 86.00 OK
r-release-osx-x86_64 1.2 NOTE
r-oldrel-windows-ix86+x86_64 1.2 3.00 74.00 77.00 OK
r-oldrel-osx-x86_64 1.2 NOTE

Check Details

Version: 1.2
Check: data for non-ASCII characters
Result: NOTE
     Note: found 3026 marked UTF-8 strings
Flavors: r-devel-linux-x86_64-fedora-clang, r-devel-linux-x86_64-fedora-gcc, r-patched-solaris-x86, r-release-osx-x86_64, r-oldrel-osx-x86_64