CRAN Package Check Results for Package hydroscoper

Last updated on 2019-09-22 19:51:21 CEST.

Flavor Version Tinstall Tcheck Ttotal Status Flags
r-devel-linux-x86_64-debian-clang 1.2 2.47 35.10 37.57 OK
r-devel-linux-x86_64-debian-gcc 1.2 2.16 27.87 30.03 OK
r-devel-linux-x86_64-fedora-clang 1.2 45.99 NOTE
r-devel-linux-x86_64-fedora-gcc 1.2 45.46 NOTE
r-devel-windows-ix86+x86_64 1.2 11.00 55.00 66.00 OK
r-patched-linux-x86_64 1.2 2.39 34.60 36.99 OK
r-patched-solaris-x86 1.2 67.90 NOTE
r-release-linux-x86_64 1.2 2.35 35.09 37.44 OK
r-release-windows-ix86+x86_64 1.2 10.00 77.00 87.00 OK
r-release-osx-x86_64 1.2 NOTE
r-oldrel-windows-ix86+x86_64 1.2 4.00 53.00 57.00 OK
r-oldrel-osx-x86_64 1.2 NOTE

Check Details

Version: 1.2
Check: data for non-ASCII characters
Result: NOTE
     Note: found 3026 marked UTF-8 strings
Flavors: r-devel-linux-x86_64-fedora-clang, r-devel-linux-x86_64-fedora-gcc, r-patched-solaris-x86, r-release-osx-x86_64, r-oldrel-osx-x86_64