CRAN Package Check Results for Package hydrolinks

Last updated on 2019-06-16 19:52:16 CEST.

Flavor Version Tinstall Tcheck Ttotal Status Flags
r-devel-linux-x86_64-debian-clang 0.10.0 6.66 54.54 61.20 OK
r-devel-linux-x86_64-debian-gcc 0.10.0 5.20 42.44 47.64 OK
r-devel-linux-x86_64-fedora-clang 0.10.0 75.50 NOTE
r-devel-linux-x86_64-fedora-gcc 0.10.0 71.11 NOTE
r-devel-windows-ix86+x86_64 0.10.0 21.00 97.00 118.00 OK
r-patched-linux-x86_64 0.10.0 5.78 53.70 59.48 OK
r-patched-solaris-x86 0.10.0 120.00 NOTE
r-release-linux-x86_64 0.10.0 6.94 52.88 59.82 OK
r-release-windows-ix86+x86_64 0.10.0 17.00 108.00 125.00 OK
r-release-osx-x86_64 0.10.0 NOTE
r-oldrel-windows-ix86+x86_64 0.10.0 8.00 86.00 94.00 OK
r-oldrel-osx-x86_64 0.10.0 NOTE

Check Details

Version: 0.10.0
Check: dependencies in R code
Result: NOTE
    Namespace in Imports field not imported from: ‘dbplyr’
     All declared Imports should be used.
Flavors: r-devel-linux-x86_64-fedora-clang, r-devel-linux-x86_64-fedora-gcc, r-patched-solaris-x86, r-release-osx-x86_64, r-oldrel-osx-x86_64