CRAN Package Check Results for Package hydrolinks

Last updated on 2019-08-24 19:47:13 CEST.

Flavor Version Tinstall Tcheck Ttotal Status Flags
r-devel-linux-x86_64-debian-clang 0.10.0 6.41 56.91 63.32 OK
r-devel-linux-x86_64-debian-gcc 0.10.0 5.80 43.77 49.57 OK
r-devel-linux-x86_64-fedora-clang 0.10.0 79.26 NOTE
r-devel-linux-x86_64-fedora-gcc 0.10.0 76.63 NOTE
r-devel-windows-ix86+x86_64 0.10.0 20.00 70.00 90.00 OK
r-patched-linux-x86_64 0.10.0 6.16 54.05 60.21 OK
r-patched-solaris-x86 0.10.0 119.70 NOTE
r-release-linux-x86_64 0.10.0 6.61 54.66 61.27 OK
r-release-windows-ix86+x86_64 0.10.0 27.00 103.00 130.00 OK
r-release-osx-x86_64 0.10.0 NOTE
r-oldrel-windows-ix86+x86_64 0.10.0 15.00 98.00 113.00 OK
r-oldrel-osx-x86_64 0.10.0 NOTE

Check Details

Version: 0.10.0
Check: dependencies in R code
Result: NOTE
    Namespace in Imports field not imported from: ‘dbplyr’
     All declared Imports should be used.
Flavors: r-devel-linux-x86_64-fedora-clang, r-devel-linux-x86_64-fedora-gcc, r-patched-solaris-x86, r-release-osx-x86_64, r-oldrel-osx-x86_64