CRAN Package Check Results for Package humaniformat

Last updated on 2019-08-18 19:52:01 CEST.

Flavor Version Tinstall Tcheck Ttotal Status Flags
r-devel-linux-x86_64-debian-clang 0.6.0 34.95 26.13 61.08 OK
r-devel-linux-x86_64-debian-gcc 0.6.0 25.08 21.21 46.29 OK
r-devel-linux-x86_64-fedora-clang 0.6.0 94.41 NOTE
r-devel-linux-x86_64-fedora-gcc 0.6.0 82.56 NOTE
r-devel-windows-ix86+x86_64 0.6.0 99.00 87.00 186.00 OK
r-patched-linux-x86_64 0.6.0 29.72 26.05 55.77 OK
r-patched-solaris-x86 0.6.0 95.70 OK
r-release-linux-x86_64 0.6.0 29.21 26.22 55.43 OK
r-release-windows-ix86+x86_64 0.6.0 66.00 63.00 129.00 OK
r-release-osx-x86_64 0.6.0 OK
r-oldrel-windows-ix86+x86_64 0.6.0 133.00 76.00 209.00 OK
r-oldrel-osx-x86_64 0.6.0 OK

Check Details

Version: 0.6.0
Check: compiled code
Result: NOTE
    File ‘humaniformat/libs/humaniformat.so’:
     Found no calls to: ‘R_registerRoutines’, ‘R_useDynamicSymbols’
    
    It is good practice to register native routines and to disable symbol
    search.
    
    See ‘Writing portable packages’ in the ‘Writing R Extensions’ manual.
Flavors: r-devel-linux-x86_64-fedora-clang, r-devel-linux-x86_64-fedora-gcc