CRAN Package Check Results for Package humaniformat

Last updated on 2019-06-16 07:46:56 CEST.

Flavor Version Tinstall Tcheck Ttotal Status Flags
r-devel-linux-x86_64-debian-clang 0.6.0 35.18 26.24 61.42 OK
r-devel-linux-x86_64-debian-gcc 0.6.0 26.21 21.15 47.36 OK
r-devel-linux-x86_64-fedora-clang 0.6.0 90.71 NOTE
r-devel-linux-x86_64-fedora-gcc 0.6.0 80.84 NOTE
r-devel-windows-ix86+x86_64 0.6.0 95.00 85.00 180.00 OK
r-patched-linux-x86_64 0.6.0 32.28 26.07 58.35 OK
r-patched-solaris-x86 0.6.0 93.10 OK
r-release-linux-x86_64 0.6.0 32.42 26.25 58.67 OK
r-release-windows-ix86+x86_64 0.6.0 70.00 83.00 153.00 OK
r-release-osx-x86_64 0.6.0 OK
r-oldrel-windows-ix86+x86_64 0.6.0 65.00 84.00 149.00 OK
r-oldrel-osx-x86_64 0.6.0 OK

Check Details

Version: 0.6.0
Check: compiled code
Result: NOTE
    File ‘humaniformat/libs/humaniformat.so’:
     Found no calls to: ‘R_registerRoutines’, ‘R_useDynamicSymbols’
    
    It is good practice to register native routines and to disable symbol
    search.
    
    See ‘Writing portable packages’ in the ‘Writing R Extensions’ manual.
Flavors: r-devel-linux-x86_64-fedora-clang, r-devel-linux-x86_64-fedora-gcc