CRAN Package Check Results for Package humaniformat

Last updated on 2020-07-04 19:47:28 CEST.

Flavor Version Tinstall Tcheck Ttotal Status Flags
r-devel-linux-x86_64-debian-clang 0.6.0 42.83 28.51 71.34 OK
r-devel-linux-x86_64-debian-gcc 0.6.0 33.73 22.65 56.38 OK
r-devel-linux-x86_64-fedora-clang 0.6.0 110.84 NOTE
r-devel-linux-x86_64-fedora-gcc 0.6.0 93.03 NOTE
r-devel-windows-ix86+x86_64 0.6.0 127.00 89.00 216.00 OK
r-patched-linux-x86_64 0.6.0 33.00 28.53 61.53 OK
r-patched-solaris-x86 0.6.0 96.90 OK
r-release-linux-x86_64 0.6.0 32.71 28.66 61.37 OK
r-release-osx-x86_64 0.6.0 OK
r-release-windows-ix86+x86_64 0.6.0 88.00 67.00 155.00 OK
r-oldrel-osx-x86_64 0.6.0 OK
r-oldrel-windows-ix86+x86_64 0.6.0 88.00 91.00 179.00 OK

Check Details

Version: 0.6.0
Check: compiled code
Result: NOTE
    File ‘humaniformat/libs/humaniformat.so’:
     Found no calls to: ‘R_registerRoutines’, ‘R_useDynamicSymbols’
    
    It is good practice to register native routines and to disable symbol
    search.
    
    See ‘Writing portable packages’ in the ‘Writing R Extensions’ manual.
Flavors: r-devel-linux-x86_64-fedora-clang, r-devel-linux-x86_64-fedora-gcc