CRAN Package Check Results for Package httpuv

Last updated on 2019-09-22 19:51:21 CEST.

Flavor Version Tinstall Tcheck Ttotal Status Flags
r-devel-linux-x86_64-debian-clang 1.5.2 218.00 31.81 249.81 ERROR
r-devel-linux-x86_64-debian-gcc 1.5.2 181.32 26.09 207.41 NOTE
r-devel-linux-x86_64-fedora-clang 1.5.2 417.17 NOTE
r-devel-linux-x86_64-fedora-gcc 1.5.2 371.06 NOTE
r-devel-windows-ix86+x86_64 1.5.2 468.00 74.00 542.00 NOTE
r-patched-linux-x86_64 1.5.2 196.55 31.63 228.18 NOTE
r-patched-solaris-x86 1.5.2 302.60 NOTE
r-release-linux-x86_64 1.5.2 193.99 32.40 226.39 NOTE
r-release-windows-ix86+x86_64 1.5.2 677.00 100.00 777.00 NOTE
r-release-osx-x86_64 1.5.2 NOTE
r-oldrel-windows-ix86+x86_64 1.5.2 465.00 76.00 541.00 NOTE
r-oldrel-osx-x86_64 1.5.2 NOTE

Check Details

Version: 1.5.2
Check: for GNU extensions in Makefiles
Result: NOTE
    GNU make is a SystemRequirements.
Flavors: r-devel-linux-x86_64-debian-clang, r-devel-linux-x86_64-debian-gcc, r-devel-linux-x86_64-fedora-clang, r-devel-linux-x86_64-fedora-gcc, r-devel-windows-ix86+x86_64, r-patched-linux-x86_64, r-patched-solaris-x86, r-release-linux-x86_64, r-release-windows-ix86+x86_64, r-release-osx-x86_64, r-oldrel-windows-ix86+x86_64, r-oldrel-osx-x86_64

Version: 1.5.2
Check: tests
Result: ERROR
     Running 'testthat.R' [5s/6s]
    Running the tests in 'tests/testthat.R' failed.
    Complete output:
     > library(testthat)
     > library(httpuv)
     >
     > test_check("httpuv")
     -- 1. Failure: Paths with non-ASCII characters (@test-static-paths.R#796) -----
     r$status_code not identical to 200.
     1/1 mismatches
     [1] 404 - 200 == 204
    
     -- 2. Failure: Paths with non-ASCII characters (@test-static-paths.R#797) -----
     r$content not identical to `file_content`.
     Lengths (14, 13) differ (comparison on first 13 components)
     13 element mismatches
    
     -- 3. Failure: Paths with non-ASCII characters (@test-static-paths.R#801) -----
     r$status_code not identical to 200.
     1/1 mismatches
     [1] 404 - 200 == 204
    
     -- 4. Failure: Paths with non-ASCII characters (@test-static-paths.R#802) -----
     r$content not identical to `file_content`.
     Lengths (14, 13) differ (comparison on first 13 components)
     13 element mismatches
    
     == testthat results ===========================================================
     [ OK: 204 | SKIPPED: 8 | WARNINGS: 0 | FAILED: 4 ]
     1. Failure: Paths with non-ASCII characters (@test-static-paths.R#796)
     2. Failure: Paths with non-ASCII characters (@test-static-paths.R#797)
     3. Failure: Paths with non-ASCII characters (@test-static-paths.R#801)
     4. Failure: Paths with non-ASCII characters (@test-static-paths.R#802)
    
     Error: testthat unit tests failed
     Execution halted
Flavor: r-devel-linux-x86_64-debian-clang

Version: 1.5.2
Check: installed package size
Result: NOTE
     installed size is 9.5Mb
     sub-directories of 1Mb or more:
     libs 9.2Mb
Flavors: r-devel-linux-x86_64-fedora-clang, r-release-osx-x86_64, r-oldrel-osx-x86_64