CRAN Package Check Results for Package hsphase

Last updated on 2019-06-20 05:48:28 CEST.

Flavor Version Tinstall Tcheck Ttotal Status Flags
r-devel-linux-x86_64-debian-clang 2.0.2 51.84 48.88 100.72 OK
r-devel-linux-x86_64-debian-gcc 2.0.2 42.09 37.17 79.26 OK
r-devel-linux-x86_64-fedora-clang 2.0.2 153.27 NOTE
r-devel-linux-x86_64-fedora-gcc 2.0.2 132.02 NOTE
r-devel-windows-ix86+x86_64 2.0.2 145.00 109.00 254.00 OK
r-patched-linux-x86_64 2.0.2 48.69 48.27 96.96 OK
r-patched-solaris-x86 2.0.2 144.10 OK
r-release-linux-x86_64 2.0.2 48.35 48.25 96.60 OK
r-release-windows-ix86+x86_64 2.0.2 175.00 112.00 287.00 OK
r-release-osx-x86_64 2.0.2 OK
r-oldrel-windows-ix86+x86_64 2.0.2 98.00 104.00 202.00 OK
r-oldrel-osx-x86_64 2.0.2 OK

Check Details

Version: 2.0.2
Check: compiled code
Result: NOTE
    File ‘hsphase/libs/hsphase.so’:
     Found no calls to: ‘R_registerRoutines’, ‘R_useDynamicSymbols’
    
    It is good practice to register native routines and to disable symbol
    search.
    
    See ‘Writing portable packages’ in the ‘Writing R Extensions’ manual.
Flavors: r-devel-linux-x86_64-fedora-clang, r-devel-linux-x86_64-fedora-gcc