CRAN Package Check Results for Package hsphase

Last updated on 2019-09-22 19:51:21 CEST.

Flavor Version Tinstall Tcheck Ttotal Status Flags
r-devel-linux-x86_64-debian-clang 2.0.2 56.06 48.08 104.14 OK
r-devel-linux-x86_64-debian-gcc 2.0.2 42.65 36.77 79.42 OK
r-devel-linux-x86_64-fedora-clang 2.0.2 159.81 NOTE
r-devel-linux-x86_64-fedora-gcc 2.0.2 141.09 NOTE
r-devel-windows-ix86+x86_64 2.0.2 141.00 108.00 249.00 OK
r-patched-linux-x86_64 2.0.2 49.43 47.42 96.85 OK
r-patched-solaris-x86 2.0.2 154.10 OK
r-release-linux-x86_64 2.0.2 46.06 47.62 93.68 OK
r-release-windows-ix86+x86_64 2.0.2 137.00 114.00 251.00 OK
r-release-osx-x86_64 2.0.2 OK
r-oldrel-windows-ix86+x86_64 2.0.2 90.00 76.00 166.00 OK
r-oldrel-osx-x86_64 2.0.2 OK

Check Details

Version: 2.0.2
Check: compiled code
Result: NOTE
    File ‘hsphase/libs/hsphase.so’:
     Found no calls to: ‘R_registerRoutines’, ‘R_useDynamicSymbols’
    
    It is good practice to register native routines and to disable symbol
    search.
    
    See ‘Writing portable packages’ in the ‘Writing R Extensions’ manual.
Flavors: r-devel-linux-x86_64-fedora-clang, r-devel-linux-x86_64-fedora-gcc