CRAN Package Check Results for Package hnp

Last updated on 2021-01-23 17:48:47 CET.

Flavor Version Tinstall Tcheck Ttotal Status Flags
r-devel-linux-x86_64-debian-clang 1.2-6 4.29 55.02 59.31 NOTE
r-devel-linux-x86_64-debian-gcc 1.2-6 3.93 41.19 45.12 NOTE
r-devel-linux-x86_64-fedora-clang 1.2-6 80.16 NOTE
r-devel-linux-x86_64-fedora-gcc 1.2-6 69.66 NOTE
r-devel-windows-ix86+x86_64 1.2-6 9.00 72.00 81.00 NOTE
r-patched-linux-x86_64 1.2-6 4.19 51.39 55.58 NOTE
r-patched-solaris-x86 1.2-6 98.40 NOTE
r-release-linux-x86_64 1.2-6 4.48 51.43 55.91 NOTE
r-release-macos-x86_64 1.2-6 NOTE
r-release-windows-ix86+x86_64 1.2-6 7.00 74.00 81.00 NOTE
r-oldrel-macos-x86_64 1.2-6 NOTE
r-oldrel-windows-ix86+x86_64 1.2-6 6.00 78.00 84.00 NOTE

Check Details

Version: 1.2-6
Check: package dependencies
Result: NOTE
    Package suggested but not available for checking: 'glmmADMB'
Flavors: r-devel-linux-x86_64-debian-clang, r-devel-linux-x86_64-debian-gcc, r-devel-linux-x86_64-fedora-clang, r-devel-linux-x86_64-fedora-gcc, r-devel-windows-ix86+x86_64, r-patched-linux-x86_64, r-patched-solaris-x86, r-release-linux-x86_64, r-release-macos-x86_64, r-release-windows-ix86+x86_64, r-oldrel-macos-x86_64, r-oldrel-windows-ix86+x86_64