CRAN Package Check Results for Package hierarchicalDS

Last updated on 2020-07-04 19:47:28 CEST.

Flavor Version Tinstall Tcheck Ttotal Status Flags
r-devel-linux-x86_64-debian-clang 3.0 17.09 99.76 116.85 OK
r-devel-linux-x86_64-debian-gcc 3.0 13.68 76.33 90.01 OK
r-devel-linux-x86_64-fedora-clang 3.0 149.90 NOTE
r-devel-linux-x86_64-fedora-gcc 3.0 136.55 NOTE
r-devel-windows-ix86+x86_64 3.0 45.00 142.00 187.00 OK
r-patched-linux-x86_64 3.0 17.28 96.92 114.20 OK
r-patched-solaris-x86 3.0 194.80 NOTE
r-release-linux-x86_64 3.0 16.50 97.44 113.94 OK
r-release-osx-x86_64 3.0 NOTE
r-release-windows-ix86+x86_64 3.0 32.00 103.00 135.00 OK
r-oldrel-osx-x86_64 3.0 NOTE
r-oldrel-windows-ix86+x86_64 3.0 38.00 135.00 173.00 OK

Check Details

Version: 3.0
Check: dependencies in R code
Result: NOTE
    Namespace in Imports field not imported from: ‘MCMCpack’
     All declared Imports should be used.
Flavors: r-devel-linux-x86_64-fedora-clang, r-devel-linux-x86_64-fedora-gcc, r-patched-solaris-x86, r-release-osx-x86_64, r-oldrel-osx-x86_64