CRAN Package Check Results for Package hierarchicalDS

Last updated on 2019-08-18 07:48:52 CEST.

Flavor Version Tinstall Tcheck Ttotal Status Flags
r-devel-linux-x86_64-debian-clang 3.0 13.27 90.76 104.03 OK
r-devel-linux-x86_64-debian-gcc 3.0 11.97 70.03 82.00 OK
r-devel-linux-x86_64-fedora-clang 3.0 126.25 NOTE
r-devel-linux-x86_64-fedora-gcc 3.0 120.38 NOTE
r-devel-windows-ix86+x86_64 3.0 38.00 129.00 167.00 OK
r-patched-linux-x86_64 3.0 15.78 87.66 103.44 OK
r-patched-solaris-x86 3.0 183.70 NOTE
r-release-linux-x86_64 3.0 13.84 87.15 100.99 OK
r-release-windows-ix86+x86_64 3.0 27.00 89.00 116.00 OK
r-release-osx-x86_64 3.0 NOTE
r-oldrel-windows-ix86+x86_64 3.0 24.00 127.00 151.00 OK
r-oldrel-osx-x86_64 3.0 NOTE

Check Details

Version: 3.0
Check: dependencies in R code
Result: NOTE
    Namespace in Imports field not imported from: ‘MCMCpack’
     All declared Imports should be used.
Flavors: r-devel-linux-x86_64-fedora-clang, r-devel-linux-x86_64-fedora-gcc, r-patched-solaris-x86, r-release-osx-x86_64, r-oldrel-osx-x86_64