CRAN Package Check Results for Package gutenbergr

Last updated on 2019-06-16 19:52:15 CEST.

Flavor Version Tinstall Tcheck Ttotal Status Flags
r-devel-linux-x86_64-debian-clang 0.1.4 5.98 57.31 63.29 OK
r-devel-linux-x86_64-debian-gcc 0.1.4 6.06 45.90 51.96 OK
r-devel-linux-x86_64-fedora-clang 0.1.4 76.70 NOTE
r-devel-linux-x86_64-fedora-gcc 0.1.4 76.72 NOTE
r-devel-windows-ix86+x86_64 0.1.4 22.00 121.00 143.00 OK
r-patched-linux-x86_64 0.1.4 7.32 56.00 63.32 OK
r-patched-solaris-x86 0.1.4 121.00 NOTE
r-release-linux-x86_64 0.1.4 6.47 55.94 62.41 OK
r-release-windows-ix86+x86_64 0.1.4 14.00 112.00 126.00 OK
r-release-osx-x86_64 0.1.4 NOTE
r-oldrel-windows-ix86+x86_64 0.1.4 9.00 105.00 114.00 OK
r-oldrel-osx-x86_64 0.1.4 NOTE

Check Details

Version: 0.1.4
Check: data for non-ASCII characters
Result: NOTE
     Note: found 13617 marked UTF-8 strings
Flavors: r-devel-linux-x86_64-fedora-clang, r-devel-linux-x86_64-fedora-gcc, r-patched-solaris-x86, r-release-osx-x86_64, r-oldrel-osx-x86_64