CRAN Package Check Results for Package gtfsrouter

Last updated on 2019-08-24 19:47:12 CEST.

Flavor Version Tinstall Tcheck Ttotal Status Flags
r-devel-linux-x86_64-debian-clang 0.0.1 41.41 108.56 149.97 OK
r-devel-linux-x86_64-debian-gcc 0.0.1 31.63 100.22 131.85 OK
r-devel-linux-x86_64-fedora-clang 0.0.1 178.79 NOTE
r-devel-linux-x86_64-fedora-gcc 0.0.1 175.42 OK
r-devel-windows-ix86+x86_64 0.0.1 93.00 143.00 236.00 OK
r-patched-linux-x86_64 0.0.1 39.02 101.55 140.57 OK
r-patched-solaris-x86 0.0.1 170.20 OK
r-release-linux-x86_64 0.0.1 36.60 102.92 139.52 OK
r-release-windows-ix86+x86_64 0.0.1 92.00 191.00 283.00 OK
r-release-osx-x86_64 0.0.1 OK
r-oldrel-windows-ix86+x86_64 0.0.1 116.00 190.00 306.00 OK
r-oldrel-osx-x86_64 0.0.1 OK

Check Details

Version: 0.0.1
Check: installed package size
Result: NOTE
     installed size is 5.2Mb
     sub-directories of 1Mb or more:
     doc 2.1Mb
     libs 2.7Mb
Flavor: r-devel-linux-x86_64-fedora-clang