CRAN Package Check Results for Package gtfsrouter

Last updated on 2019-06-16 19:52:15 CEST.

Flavor Version Tinstall Tcheck Ttotal Status Flags
r-devel-linux-x86_64-debian-clang 0.0.1 42.47 110.93 153.40 OK
r-devel-linux-x86_64-debian-gcc 0.0.1 33.88 102.51 136.39 OK
r-devel-linux-x86_64-fedora-clang 0.0.1 173.94 NOTE
r-devel-linux-x86_64-fedora-gcc 0.0.1 161.94 OK
r-devel-windows-ix86+x86_64 0.0.1 113.00 210.00 323.00 OK
r-patched-linux-x86_64 0.0.1 40.67 105.10 145.77 OK
r-patched-solaris-x86 0.0.1 181.80 OK
r-release-linux-x86_64 0.0.1 38.73 105.72 144.45 OK
r-release-windows-ix86+x86_64 0.0.1 91.00 210.00 301.00 OK
r-release-osx-x86_64 0.0.1 OK
r-oldrel-windows-ix86+x86_64 0.0.1 82.00 199.00 281.00 OK
r-oldrel-osx-x86_64 0.0.1 OK

Check Details

Version: 0.0.1
Check: installed package size
Result: NOTE
     installed size is 5.0Mb
     sub-directories of 1Mb or more:
     doc 2.1Mb
     libs 2.5Mb
Flavor: r-devel-linux-x86_64-fedora-clang